{"id":1030,"date":"2020-01-15T17:47:18","date_gmt":"2020-01-15T17:47:18","guid":{"rendered":"http:\/\/www.camado.org.co\/web2\/?page_id=1030"},"modified":"2020-01-15T18:12:12","modified_gmt":"2020-01-15T18:12:12","slug":"trabaje-con-nosotros","status":"publish","type":"page","link":"https:\/\/www.camado.org.co\/web2\/trabaje-con-nosotros\/","title":{"rendered":"Trabaje con nosotros"},"content":{"rendered":"\n<div class=\"wp-block-columns is-layout-flex wp-container-core-columns-is-layout-9d6595d7 wp-block-columns-is-layout-flex\">\n<div class=\"wp-block-column is-layout-flow wp-block-column-is-layout-flow\">\n\n<div class=\"wpcf7 no-js\" id=\"wpcf7-f1031-o1\" lang=\"es-ES\" dir=\"ltr\" data-wpcf7-id=\"1031\">\n<div class=\"screen-reader-response\"><p role=\"status\" aria-live=\"polite\" aria-atomic=\"true\"><\/p> <ul><\/ul><\/div>\n<form action=\"\/web2\/wp-json\/wp\/v2\/pages\/1030#wpcf7-f1031-o1\" method=\"post\" class=\"wpcf7-form init\" aria-label=\"Formulario de contacto\" enctype=\"multipart\/form-data\" novalidate=\"novalidate\" data-status=\"init\">\n<fieldset class=\"hidden-fields-container\"><input type=\"hidden\" name=\"_wpcf7\" value=\"1031\" \/><input type=\"hidden\" name=\"_wpcf7_version\" value=\"6.1.5\" \/><input type=\"hidden\" name=\"_wpcf7_locale\" value=\"es_ES\" \/><input type=\"hidden\" name=\"_wpcf7_unit_tag\" value=\"wpcf7-f1031-o1\" \/><input type=\"hidden\" name=\"_wpcf7_container_post\" value=\"0\" \/><input type=\"hidden\" name=\"_wpcf7_posted_data_hash\" value=\"\" \/>\n<\/fieldset>\n<div class=\"column mcb-column one-second column_column\">\n\t<p>Nombres*\n\t<\/p>\n\t<p><span class=\"wpcf7-form-control-wrap\" data-name=\"your-name\"><input size=\"40\" maxlength=\"400\" class=\"wpcf7-form-control wpcf7-text wpcf7-validates-as-required\" aria-required=\"true\" aria-invalid=\"false\" value=\"\" type=\"text\" name=\"your-name\" \/><\/span>\n\t<\/p>\n\t<p>Apellidos*\n\t<\/p>\n\t<p><span class=\"wpcf7-form-control-wrap\" data-name=\"ape-294\"><input size=\"40\" maxlength=\"400\" class=\"wpcf7-form-control wpcf7-text wpcf7-validates-as-required\" aria-required=\"true\" aria-invalid=\"false\" value=\"\" type=\"text\" name=\"ape-294\" \/><\/span>\n\t<\/p>\n\t<p>Direcci\u00f3n*\n\t<\/p>\n\t<p><span class=\"wpcf7-form-control-wrap\" data-name=\"dir-294\"><input size=\"40\" maxlength=\"400\" class=\"wpcf7-form-control wpcf7-text wpcf7-validates-as-required\" aria-required=\"true\" aria-invalid=\"false\" value=\"\" type=\"text\" name=\"dir-294\" \/><\/span>\n\t<\/p>\n\t<p>Correo electr\u00f3nico*\n\t<\/p>\n\t<p><span class=\"wpcf7-form-control-wrap\" data-name=\"your-email\"><input size=\"40\" maxlength=\"400\" class=\"wpcf7-form-control wpcf7-email wpcf7-validates-as-required wpcf7-text wpcf7-validates-as-email\" aria-required=\"true\" aria-invalid=\"false\" value=\"\" type=\"email\" name=\"your-email\" \/><\/span>\n\t<\/p>\n<\/div>\n<div class=\"column mcb-column one-second column_column\">\n\t<p>Fecha de Nacimiento*\n\t<\/p>\n\t<p><span class=\"wpcf7-form-control-wrap\" data-name=\"date-86\"><input class=\"wpcf7-form-control wpcf7-date wpcf7-validates-as-required wpcf7-validates-as-date\" aria-required=\"true\" aria-invalid=\"false\" value=\"\" type=\"date\" name=\"date-86\" \/><\/span>\n\t<\/p>\n\t<p>Estado Civil*\n\t<\/p>\n\t<p><span class=\"wpcf7-form-control-wrap\" data-name=\"menu-694\"><select class=\"wpcf7-form-control wpcf7-select wpcf7-validates-as-required\" aria-required=\"true\" aria-invalid=\"false\" name=\"menu-694\"><option value=\"Soltero\">Soltero<\/option><option value=\"Casado\">Casado<\/option><option value=\"Uni\u00f3n Libre\">Uni\u00f3n Libre<\/option><\/select><\/span>\n\t<\/p>\n\t<p>Cargo al que Aspira*\n\t<\/p>\n\t<p><span class=\"wpcf7-form-control-wrap\" data-name=\"car-294\"><input size=\"40\" maxlength=\"400\" class=\"wpcf7-form-control wpcf7-text wpcf7-validates-as-required\" aria-required=\"true\" aria-invalid=\"false\" value=\"\" type=\"text\" name=\"car-294\" \/><\/span>\n\t<\/p>\n\t<p>Celular*\n\t<\/p>\n\t<p><span class=\"wpcf7-form-control-wrap\" data-name=\"tel-501\"><input size=\"40\" maxlength=\"400\" class=\"wpcf7-form-control wpcf7-tel wpcf7-validates-as-required wpcf7-text wpcf7-validates-as-tel\" aria-required=\"true\" aria-invalid=\"false\" value=\"\" type=\"tel\" name=\"tel-501\" \/><\/span>\n\t<\/p>\n<\/div>\n<p>Adjuntar Hoja de Vida*\n<\/p>\n<p><span class=\"wpcf7-form-control-wrap\" data-name=\"file-43\"><input size=\"40\" class=\"wpcf7-form-control wpcf7-file wpcf7-validates-as-required\" accept=\"audio\/*,video\/*,image\/*\" aria-required=\"true\" aria-invalid=\"false\" type=\"file\" name=\"file-43\" \/><\/span>\n<\/p>\n<p>[recaptcha]\n<\/p>\n<p><input class=\"wpcf7-form-control wpcf7-submit has-spinner\" type=\"submit\" value=\"Enviar\" \/>\n<\/p><input type='hidden' class='wpcf7-pum' value='{\"closepopup\":false,\"closedelay\":0,\"openpopup\":false,\"openpopup_id\":0}' \/><div class=\"wpcf7-response-output\" aria-hidden=\"true\"><\/div>\n<\/form>\n<\/div>\n\n<\/div>\n\n\n\n<div class=\"wp-block-column is-layout-flow wp-block-column-is-layout-flow\">\n<p> <strong>Si est\u00e1s interesado, d\u00e9janos\u00a0tu hoja de vida\u00a0y en el momento en que tengamos una vacante que se ajuste a tu perfil y expectativas, te estaremos contactando.<\/strong> <\/p>\n\n\n\n<figure class=\"wp-block-image size-large\"><img loading=\"lazy\" decoding=\"async\" width=\"582\" height=\"338\" src=\"http:\/\/www.camado.org.co\/web2\/wp-content\/uploads\/2020\/01\/trabaje-con-nosotros.png\" alt=\"\" class=\"wp-image-1035\" srcset=\"https:\/\/www.camado.org.co\/web2\/wp-content\/uploads\/2020\/01\/trabaje-con-nosotros.png 582w, https:\/\/www.camado.org.co\/web2\/wp-content\/uploads\/2020\/01\/trabaje-con-nosotros-300x174.png 300w\" sizes=\"auto, (max-width: 582px) 100vw, 582px\" \/><\/figure>\n<\/div>\n<\/div>\n","protected":false},"excerpt":{"rendered":"<p>Si est\u00e1s interesado, d\u00e9janos\u00a0tu hoja de vida\u00a0y en el momento en que tengamos una vacante que se ajuste a tu perfil y expectativas, te estaremos contactando.<\/p>\n","protected":false},"author":1,"featured_media":0,"parent":0,"menu_order":0,"comment_status":"closed","ping_status":"closed","template":"","meta":{"ngg_post_thumbnail":0,"footnotes":""},"class_list":["post-1030","page","type-page","status-publish"],"yoast_head":"<!-- This site is optimized with the Yoast SEO plugin v27.4 - https:\/\/yoast.com\/product\/yoast-seo-wordpress\/ -->\n<title>Trabaje con nosotros - C\u00e1mara de Comercio de Dosquebradas<\/title>\n<meta name=\"robots\" content=\"index, follow, max-snippet:-1, max-image-preview:large, max-video-preview:-1\" \/>\n<link rel=\"canonical\" href=\"https:\/\/www.camado.org.co\/web2\/trabaje-con-nosotros\/\" \/>\n<meta property=\"og:locale\" content=\"es_ES\" \/>\n<meta property=\"og:type\" content=\"article\" \/>\n<meta property=\"og:title\" content=\"Trabaje con nosotros - C\u00e1mara de Comercio de Dosquebradas\" \/>\n<meta property=\"og:description\" content=\"Si est\u00e1s interesado, d\u00e9janos\u00a0tu hoja de vida\u00a0y en el momento en que tengamos una vacante que se ajuste a tu perfil y expectativas, te estaremos contactando.\" \/>\n<meta property=\"og:url\" content=\"https:\/\/www.camado.org.co\/web2\/trabaje-con-nosotros\/\" \/>\n<meta property=\"og:site_name\" content=\"C\u00e1mara de Comercio de Dosquebradas\" \/>\n<meta property=\"article:modified_time\" content=\"2020-01-15T18:12:12+00:00\" \/>\n<meta property=\"og:image\" content=\"http:\/\/www.camado.org.co\/web2\/wp-content\/uploads\/2020\/01\/trabaje-con-nosotros.png\" \/>\n<meta name=\"twitter:card\" content=\"summary_large_image\" \/>\n<script type=\"application\/ld+json\" class=\"yoast-schema-graph\">{\"@context\":\"https:\\\/\\\/schema.org\",\"@graph\":[{\"@type\":\"WebPage\",\"@id\":\"https:\\\/\\\/www.camado.org.co\\\/web2\\\/trabaje-con-nosotros\\\/\",\"url\":\"https:\\\/\\\/www.camado.org.co\\\/web2\\\/trabaje-con-nosotros\\\/\",\"name\":\"Trabaje con nosotros - C\u00e1mara de Comercio de Dosquebradas\",\"isPartOf\":{\"@id\":\"https:\\\/\\\/www.camado.org.co\\\/web2\\\/#website\"},\"primaryImageOfPage\":{\"@id\":\"https:\\\/\\\/www.camado.org.co\\\/web2\\\/trabaje-con-nosotros\\\/#primaryimage\"},\"image\":{\"@id\":\"https:\\\/\\\/www.camado.org.co\\\/web2\\\/trabaje-con-nosotros\\\/#primaryimage\"},\"thumbnailUrl\":\"http:\\\/\\\/www.camado.org.co\\\/web2\\\/wp-content\\\/uploads\\\/2020\\\/01\\\/trabaje-con-nosotros.png\",\"datePublished\":\"2020-01-15T17:47:18+00:00\",\"dateModified\":\"2020-01-15T18:12:12+00:00\",\"breadcrumb\":{\"@id\":\"https:\\\/\\\/www.camado.org.co\\\/web2\\\/trabaje-con-nosotros\\\/#breadcrumb\"},\"inLanguage\":\"es\",\"potentialAction\":[{\"@type\":\"ReadAction\",\"target\":[\"https:\\\/\\\/www.camado.org.co\\\/web2\\\/trabaje-con-nosotros\\\/\"]}]},{\"@type\":\"ImageObject\",\"inLanguage\":\"es\",\"@id\":\"https:\\\/\\\/www.camado.org.co\\\/web2\\\/trabaje-con-nosotros\\\/#primaryimage\",\"url\":\"http:\\\/\\\/www.camado.org.co\\\/web2\\\/wp-content\\\/uploads\\\/2020\\\/01\\\/trabaje-con-nosotros.png\",\"contentUrl\":\"http:\\\/\\\/www.camado.org.co\\\/web2\\\/wp-content\\\/uploads\\\/2020\\\/01\\\/trabaje-con-nosotros.png\"},{\"@type\":\"BreadcrumbList\",\"@id\":\"https:\\\/\\\/www.camado.org.co\\\/web2\\\/trabaje-con-nosotros\\\/#breadcrumb\",\"itemListElement\":[{\"@type\":\"ListItem\",\"position\":1,\"name\":\"Portada\",\"item\":\"https:\\\/\\\/www.camado.org.co\\\/web2\\\/\"},{\"@type\":\"ListItem\",\"position\":2,\"name\":\"Trabaje con nosotros\"}]},{\"@type\":\"WebSite\",\"@id\":\"https:\\\/\\\/www.camado.org.co\\\/web2\\\/#website\",\"url\":\"https:\\\/\\\/www.camado.org.co\\\/web2\\\/\",\"name\":\"C\u00e1mara de Comercio de Dosquebradas\",\"description\":\"Camado\",\"potentialAction\":[{\"@type\":\"SearchAction\",\"target\":{\"@type\":\"EntryPoint\",\"urlTemplate\":\"https:\\\/\\\/www.camado.org.co\\\/web2\\\/?s={search_term_string}\"},\"query-input\":{\"@type\":\"PropertyValueSpecification\",\"valueRequired\":true,\"valueName\":\"search_term_string\"}}],\"inLanguage\":\"es\"}]}<\/script>\n<!-- \/ Yoast SEO plugin. -->","yoast_head_json":{"title":"Trabaje con nosotros - C\u00e1mara de Comercio de Dosquebradas","robots":{"index":"index","follow":"follow","max-snippet":"max-snippet:-1","max-image-preview":"max-image-preview:large","max-video-preview":"max-video-preview:-1"},"canonical":"https:\/\/www.camado.org.co\/web2\/trabaje-con-nosotros\/","og_locale":"es_ES","og_type":"article","og_title":"Trabaje con nosotros - C\u00e1mara de Comercio de Dosquebradas","og_description":"Si est\u00e1s interesado, d\u00e9janos\u00a0tu hoja de vida\u00a0y en el momento en que tengamos una vacante que se ajuste a tu perfil y expectativas, te estaremos contactando.","og_url":"https:\/\/www.camado.org.co\/web2\/trabaje-con-nosotros\/","og_site_name":"C\u00e1mara de Comercio de Dosquebradas","article_modified_time":"2020-01-15T18:12:12+00:00","og_image":[{"url":"http:\/\/www.camado.org.co\/web2\/wp-content\/uploads\/2020\/01\/trabaje-con-nosotros.png","type":"","width":"","height":""}],"twitter_card":"summary_large_image","schema":{"@context":"https:\/\/schema.org","@graph":[{"@type":"WebPage","@id":"https:\/\/www.camado.org.co\/web2\/trabaje-con-nosotros\/","url":"https:\/\/www.camado.org.co\/web2\/trabaje-con-nosotros\/","name":"Trabaje con nosotros - C\u00e1mara de Comercio de Dosquebradas","isPartOf":{"@id":"https:\/\/www.camado.org.co\/web2\/#website"},"primaryImageOfPage":{"@id":"https:\/\/www.camado.org.co\/web2\/trabaje-con-nosotros\/#primaryimage"},"image":{"@id":"https:\/\/www.camado.org.co\/web2\/trabaje-con-nosotros\/#primaryimage"},"thumbnailUrl":"http:\/\/www.camado.org.co\/web2\/wp-content\/uploads\/2020\/01\/trabaje-con-nosotros.png","datePublished":"2020-01-15T17:47:18+00:00","dateModified":"2020-01-15T18:12:12+00:00","breadcrumb":{"@id":"https:\/\/www.camado.org.co\/web2\/trabaje-con-nosotros\/#breadcrumb"},"inLanguage":"es","potentialAction":[{"@type":"ReadAction","target":["https:\/\/www.camado.org.co\/web2\/trabaje-con-nosotros\/"]}]},{"@type":"ImageObject","inLanguage":"es","@id":"https:\/\/www.camado.org.co\/web2\/trabaje-con-nosotros\/#primaryimage","url":"http:\/\/www.camado.org.co\/web2\/wp-content\/uploads\/2020\/01\/trabaje-con-nosotros.png","contentUrl":"http:\/\/www.camado.org.co\/web2\/wp-content\/uploads\/2020\/01\/trabaje-con-nosotros.png"},{"@type":"BreadcrumbList","@id":"https:\/\/www.camado.org.co\/web2\/trabaje-con-nosotros\/#breadcrumb","itemListElement":[{"@type":"ListItem","position":1,"name":"Portada","item":"https:\/\/www.camado.org.co\/web2\/"},{"@type":"ListItem","position":2,"name":"Trabaje con nosotros"}]},{"@type":"WebSite","@id":"https:\/\/www.camado.org.co\/web2\/#website","url":"https:\/\/www.camado.org.co\/web2\/","name":"C\u00e1mara de Comercio de Dosquebradas","description":"Camado","potentialAction":[{"@type":"SearchAction","target":{"@type":"EntryPoint","urlTemplate":"https:\/\/www.camado.org.co\/web2\/?s={search_term_string}"},"query-input":{"@type":"PropertyValueSpecification","valueRequired":true,"valueName":"search_term_string"}}],"inLanguage":"es"}]}},"_links":{"self":[{"href":"https:\/\/www.camado.org.co\/web2\/wp-json\/wp\/v2\/pages\/1030","targetHints":{"allow":["GET"]}}],"collection":[{"href":"https:\/\/www.camado.org.co\/web2\/wp-json\/wp\/v2\/pages"}],"about":[{"href":"https:\/\/www.camado.org.co\/web2\/wp-json\/wp\/v2\/types\/page"}],"author":[{"embeddable":true,"href":"https:\/\/www.camado.org.co\/web2\/wp-json\/wp\/v2\/users\/1"}],"replies":[{"embeddable":true,"href":"https:\/\/www.camado.org.co\/web2\/wp-json\/wp\/v2\/comments?post=1030"}],"version-history":[{"count":3,"href":"https:\/\/www.camado.org.co\/web2\/wp-json\/wp\/v2\/pages\/1030\/revisions"}],"predecessor-version":[{"id":1036,"href":"https:\/\/www.camado.org.co\/web2\/wp-json\/wp\/v2\/pages\/1030\/revisions\/1036"}],"wp:attachment":[{"href":"https:\/\/www.camado.org.co\/web2\/wp-json\/wp\/v2\/media?parent=1030"}],"curies":[{"name":"wp","href":"https:\/\/api.w.org\/{rel}","templated":true}]}}