{"id":1130,"date":"2020-01-15T21:59:08","date_gmt":"2020-01-15T21:59:08","guid":{"rendered":"http:\/\/www.camado.org.co\/web2\/?page_id=1130"},"modified":"2022-09-27T14:33:39","modified_gmt":"2022-09-27T14:33:39","slug":"normatividad","status":"publish","type":"page","link":"https:\/\/www.camado.org.co\/web2\/normatividad\/","title":{"rendered":"Normatividad"},"content":{"rendered":"<div id=\"td_uid_1_69dba1868cf16\" class=\"tdc-zone\"><div class=\"tdc_zone td_uid_1_69dba1868cf27_rand  wpb_row td-pb-row\"  >\n<style scoped>\n\n\/* custom css *\/\n.td_uid_1_69dba1868cf27_rand {\r\n                    min-height: 0;\r\n                }\n<\/style><div id=\"td_uid_2_69dba1868d8a6\" class=\"tdc-row\"><div class=\"vc_row td_uid_2_69dba1868d8ae_rand  wpb_row td-pb-row\" >\n<style scoped>\n\n\/* custom css *\/\n.td_uid_2_69dba1868d8ae_rand {\r\n                    min-height: 0;\r\n                }\n<\/style><div class=\"vc_column td_uid_3_69dba1868dc1c_rand  wpb_column vc_column_container tdc-column td-pb-span12\">\n<style scoped>\n\n\/* custom css *\/\n.td_uid_3_69dba1868dc1c_rand {\r\n                    vertical-align: baseline;\r\n                }\n<\/style><div class=\"wpb_wrapper\"><div class=\"tdm_block td_block_wrap tdm_block_button td_uid_4_69dba1868e034_rand tdm-block-button-inline tdm-content-horiz-left td-pb-border-top td_block_template_1\"  data-td-block-uid=\"td_uid_4_69dba1868e034\"     >\n<style>\n\n\/* inline tdc_css att *\/\n\n.td_uid_4_69dba1868e034_rand{\nmargin-bottom:25px !important;\n}\n\n<\/style>\n<style>\n\n<\/style><div class=\"tds-button td-fix-index\"><a \r\n                href=\"http:\/\/www.camado.org.co\/web2\/ley-de-transparencia\/\" \r\n                class=\"tds-button1 tdm-btn tdm-btn-lg td_uid_5_69dba18691089\" ><span class=\"tdm-btn-text\">Volver a men\u00fa principal<\/span><\/a><\/div><\/div><\/div><\/div><\/div><\/div><div id=\"td_uid_4_69dba18691936\" class=\"tdc-row\"><div class=\"vc_row td_uid_6_69dba1869193e_rand  wpb_row td-pb-row\" >\n<style scoped>\n\n\/* custom css *\/\n.td_uid_6_69dba1869193e_rand {\r\n                    min-height: 0;\r\n                }\n\/* inline tdc_css att *\/\n\n.td_uid_6_69dba1869193e_rand{\njustify-content:center !important;\ntext-align:center !important;\n}\n\n.td_uid_6_69dba1869193e_rand .td_block_wrap{ text-align:left }\n\n<\/style><div class=\"vc_column td_uid_7_69dba18691d40_rand  wpb_column vc_column_container tdc-column td-pb-span12\">\n<style scoped>\n\n\/* custom css *\/\n.td_uid_7_69dba18691d40_rand {\r\n                    vertical-align: baseline;\r\n                }\n\/* inline tdc_css att *\/\n\n.td_uid_7_69dba18691d40_rand{\njustify-content:center !important;\ntext-align:center !important;\nposition:relative;\n}\n\n<\/style>\n<div class=\"td_uid_5_69dba18691d38_rand_style td-element-style\" ><style>\n.td_uid_5_69dba18691d38_rand_style{\nbackground-color:#21a036 !important;\n}\n <\/style><\/div><div class=\"wpb_wrapper\"><div class=\"tdm_block td_block_wrap tdm_block_column_title td_uid_8_69dba1869268f_rand tdm-content-horiz-left td-pb-border-top td_block_template_1\"  data-td-block-uid=\"td_uid_8_69dba1869268f\" >\n<style>\n\n\/* inline tdc_css att *\/\n\n.td_uid_8_69dba1869268f_rand{\npadding-top:25px !important;\njustify-content:center !important;\ntext-align:center !important;\n}\n\n<\/style><div class=\"td-block-row\"><div class=\"td-block-span12 tdm-col\">\n<style>\nbody .td_uid_9_69dba186930eb .tdm-title {\r\n\t\t\t\t\tcolor: #ffffff;\r\n\t\t\t\t}\r\n\t\t\t\t\r\n\t\t\t\tbody .td_uid_8_69dba1869268f_rand:hover .td_uid_9_69dba186930eb .tdm-title {\r\n\t\t\t\t\tcolor: #ffffff;\r\n\t\t\t\t}\r\n\t\t\t\t.td_uid_8_69dba1869268f_rand:hover .td_uid_9_69dba186930eb .tdm-title {\r\n\t\t\t\t\tcursor: default;\r\n\t\t\t\t}\r\n\t\t\t\t\r\n\t\t\t\tbody .td_uid_8_69dba1869268f_rand:hover .td_uid_9_69dba186930eb .tdm-title {\r\n\t\t\t\t\t-webkit-text-fill-color: unset;\r\n\t\t\t\t\tbackground: transparent;\r\n\t\t\t\t\ttransition: none;\r\n\t\t\t\t}\n<\/style><div class=\"tds-title tds-title1 td-fix-index td_uid_9_69dba186930eb\"><h3 class=\"tdm-title tdm-title-md\">Normatividad<\/h3><\/div><\/div><\/div><\/div><div class=\"vc_row_inner td_uid_10_69dba1869370d_rand  vc_row vc_inner wpb_row td-pb-row\" >\n<style scoped>\n\n\/* custom css *\/\n.td_uid_10_69dba1869370d_rand {\r\n                    position: relative !important;\r\n                    top: 0;\r\n                    transform: none;\r\n                    -webkit-transform: none;\r\n                }\n\/* inline tdc_css att *\/\n\n.td_uid_10_69dba1869370d_rand{\nposition:relative;\n}\n\n.td_uid_10_69dba1869370d_rand .td_block_wrap{ text-align:left }\n\n<\/style>\n<div class=\"td_uid_6_69dba18693705_rand_style td-element-style\" ><style>\n.td_uid_6_69dba18693705_rand_style{\nbackground-color:#ffffff !important;\n}\n <\/style><\/div><div class=\"vc_column_inner td_uid_11_69dba18693976_rand  wpb_column vc_column_container tdc-inner-column td-pb-span12\">\n<style scoped>\n\n\/* custom css *\/\n.td_uid_11_69dba18693976_rand {\r\n                    vertical-align: baseline;\r\n                }\n<\/style><div class=\"vc_column-inner\"><div class=\"wpb_wrapper\"><div class=\"tdm_block td_block_wrap tdm_block_column_title td_uid_12_69dba18693b73_rand tdm-content-horiz-left td-pb-border-top td_block_template_1\"  data-td-block-uid=\"td_uid_12_69dba18693b73\" ><div class=\"td-block-row\"><div class=\"td-block-span12 tdm-col\">\n<style>\n.td_uid_13_69dba18694021 .tdm-title {\r\n\t\t\t\t\tfont-size:20px !important;\r\n\t\t\t\t}\n<\/style><div class=\"tds-title tds-title1 td-fix-index td_uid_13_69dba18694021\"><h3 class=\"tdm-title tdm-title-sm\">Ley 1727 de 2014 \u2013 Decreto 2042 de 2014<\/h3><\/div><\/div><\/div><\/div><div class=\"tdm_block td_block_wrap tdm_block_inline_text td_uid_14_69dba186945df_rand tdm-inline-block tdm-content-horiz-left td-pb-border-top td_block_template_1\"  data-td-block-uid=\"td_uid_14_69dba186945df\" >\n<style>\n\/* custom css *\/\n.td_uid_14_69dba186945df_rand .tdm-descr {\r\n                    color: #000000;\r\n                }\r\n                \r\n\t\t\t\t.td_uid_14_69dba186945df_rand .tdm-descr {\r\n\t\t\t\t\tfont-size:15px !important;\r\n\t\t\t\t}\n<\/style><p class=\"tdm-descr\">Por el cual se reforma el C\u00f3digo de Comercio, se fijan normas para el fortalecimiento de la Gobernabilidad y el Funcionamiento de las C\u00e1maras de Comercio y se dictan otras disposiciones.<\/p><\/div><div class=\"wpb_wrapper td_block_empty_space td_block_wrap vc_empty_space td_uid_15_69dba18694cfe_rand \"  style=\"height: 32px\"><\/div><\/div><\/div><\/div><\/div><div class=\"vc_row_inner td_uid_16_69dba18694dbf_rand  vc_row vc_inner wpb_row td-pb-row\" >\n<style scoped>\n\n\/* custom css *\/\n.td_uid_16_69dba18694dbf_rand {\r\n                    position: relative !important;\r\n                    top: 0;\r\n                    transform: none;\r\n                    -webkit-transform: none;\r\n                }\n\/* inline tdc_css att *\/\n\n.td_uid_16_69dba18694dbf_rand{\nposition:relative;\n}\n\n.td_uid_16_69dba18694dbf_rand .td_block_wrap{ text-align:left }\n\n<\/style>\n<div class=\"td_uid_9_69dba18694db9_rand_style td-element-style\" ><style>\n.td_uid_9_69dba18694db9_rand_style{\nbackground-color:#ffffff !important;\n}\n <\/style><\/div><div class=\"vc_column_inner td_uid_17_69dba1869501f_rand  wpb_column vc_column_container tdc-inner-column td-pb-span6\">\n<style scoped>\n\n\/* custom css *\/\n.td_uid_17_69dba1869501f_rand {\r\n                    vertical-align: baseline;\r\n                }\n<\/style><div class=\"vc_column-inner\"><div class=\"wpb_wrapper\"><div class=\"wpb_wrapper wpb_text_column td_block_wrap td_block_wrap vc_column_text td_uid_18_69dba18695291_rand  tagdiv-type td-pb-border-top td_block_template_1\"  data-td-block-uid=\"td_uid_18_69dba18695291\" ><div class=\"td-block-title-wrap\"><\/div><div class=\"td-fix-index\"><ul>\n<li>C\u00f3digo de Comercio del art. 26 al 47 y del 78 al 97<br \/>\nArt 26 a 47. LIBRO PRIMERO, TITULO III, DEL REGISTRO MERCANTIL<br \/>\nArt. 78 a 97. LIBRO PRIMERO, TITULO VI, DE LAS CAMARAS DE COMERCIO<\/li>\n<li>Circular Externa 100-000002 de Abril de 2022&nbsp;<br \/>\nEmitida por Supersociedades, reorganiza, actualiza y precisa temas referentes a la supervisi\u00f3n y funcionamiento de las c\u00e1maras de comercio y deroga la Circular Externa No. 100-000017 del 27 de diciembre de 2021, por lo tanto, no debemos seguir haciendo referencia a esta \u00faltima ni a la Circular \u00danica de la SIC.<\/li>\n<li>Ley 1429 de 2010.<br \/>\nPor el cual se expide la Ley de Formalizaci\u00f3n y Generaci\u00f3n de Empleo.<\/li>\n<li>Decretos reglamentarios 545 de 2011 y 489 de 2013<br \/>\nPor el cual se reglamentan parcialmente los art\u00edculos 5, 7, 48 y 50 de la Ley 1429 de 2010, y Por el cual se reglamenta parcialmente la Ley 1429 de 2010, respectivamente.<\/li>\n<li>Decreto Ley 019 de 2012<br \/>\nReglamentado por el Decreto Nacional 734 de 2012, Reglamentado por el Decreto Nacional 1450 de 2012.<br \/>\nPor el cual se dictan normas para suprimir o reformar regulaciones, procedimientos y tr\u00e1mites innecesarios existentes en la Administraci\u00f3n P\u00fablica<\/li>\n<li>Ley 6 de 1992<br \/>\nReglamentada parcialmente por los Decretos Nacionales 1107, 1372 y 1983 de 1992<\/li>\n<li>Ley 1607 de 2012 art 182<br \/>\n\u201cDe la tasa contributiva a favor de las C\u00e1maras de Comercio\u201d.<\/li>\n<li>Decreto 1807 de 29 de Octubre de 1915.<\/li>\n<li>Decreto \u2013 Ley 2150 de 1995<br \/>\nPor el cual se suprimen y reforman regulaciones, procedimientos o tr\u00e1mites innecesarios existentes en la Administraci\u00f3n P\u00fablica.<\/li>\n<\/ul>\n<\/div><\/div><\/div><\/div><\/div><div class=\"vc_column_inner td_uid_19_69dba18696a57_rand  wpb_column vc_column_container tdc-inner-column td-pb-span6\">\n<style scoped>\n\n\/* custom css *\/\n.td_uid_19_69dba18696a57_rand {\r\n                    vertical-align: baseline;\r\n                }\n<\/style><div class=\"vc_column-inner\"><div class=\"wpb_wrapper\"><div class=\"wpb_wrapper wpb_text_column td_block_wrap td_block_wrap vc_column_text td_uid_20_69dba18696bcc_rand  tagdiv-type td-pb-border-top td_block_template_1\"  data-td-block-uid=\"td_uid_20_69dba18696bcc\" ><div class=\"td-block-title-wrap\"><\/div><div class=\"td-fix-index\"><ul>\n<li>Ley 643 de 2001<br \/>\nReglamentada parcialmente por los Decretos Nacionales 2975 de 2004; 855 de 2009 y 1289 de 2010, Modificada por el art. 36, Decreto Nacional 126 de 2010, en lo relativo a las multas, Reglamentada por el Decreto Nacional 3034 de 2013 por la cual se fija el r\u00e9gimen propio del monopolio rent\u00edstico de juegos de suerte y azar.<\/li>\n<li>Ley 850 de 2003<br \/>\nPor medio de la cual se reglamentan las veedur\u00edas ciudadanas.<\/li>\n<li>Ley 1101 de 2006<br \/>\nPor la cual se modifica la Ley 300 de 1996 \u2013 Ley General de Turismo y se dictan otras disposiciones.<\/li>\n<li>Decreto 2893 de 2011<br \/>\nPor el cual se modifican los objetivos, la estructura org\u00e1nica y funciones del Ministerio del Interior y se integra el sector administrativo del interior.<\/li>\n<li>Ley 454 de 1998<br \/>\nPor la cual se determina el marco conceptual que regula la econom\u00eda solidaria, se transforma el Departamento Administrativo Nacional de Cooperativas en el Departamento Nacional de la Econom\u00eda Solidaria, se crea la Superintendencia de la Econom\u00eda Solidaria, se crea el Fondo de Garant\u00edas para las Cooperativas Financieras y de Ahorro y Cr\u00e9dito, se dictan normas sobre la actividad financiera de las entidades de naturaleza cooperativa y se expiden otras disposiciones.<\/li>\n<li>Ley 1581 de 2012<br \/>\nReglamentada parcialmente por el Decreto Nacional 1377 de 2013.<br \/>\nPor la cual se dictan disposiciones generales para la protecci\u00f3n de datos personales.<\/li>\n<\/ul>\n<\/div><\/div><\/div><\/div><\/div><\/div><\/div><\/div><\/div><\/div><\/div><\/div>\n\n\n<p>Gaceta Oficial <a href=\"http:\/\/svrpubindc.imprenta.gov.co\/diario\/\">aqui<\/a><\/p>\n","protected":false},"excerpt":{"rendered":"<p>Gaceta Oficial aqui<\/p>\n","protected":false},"author":1,"featured_media":0,"parent":0,"menu_order":0,"comment_status":"closed","ping_status":"closed","template":"","meta":{"ngg_post_thumbnail":0,"footnotes":""},"class_list":["post-1130","page","type-page","status-publish"],"yoast_head":"<!-- This site is optimized with the Yoast SEO plugin v27.3 - https:\/\/yoast.com\/product\/yoast-seo-wordpress\/ -->\n<title>Normatividad - C\u00e1mara de Comercio de Dosquebradas<\/title>\n<meta name=\"robots\" content=\"index, follow, max-snippet:-1, max-image-preview:large, max-video-preview:-1\" \/>\n<link rel=\"canonical\" href=\"https:\/\/www.camado.org.co\/web2\/normatividad\/\" \/>\n<meta property=\"og:locale\" content=\"es_ES\" \/>\n<meta property=\"og:type\" content=\"article\" \/>\n<meta property=\"og:title\" content=\"Normatividad - C\u00e1mara de Comercio de Dosquebradas\" \/>\n<meta property=\"og:description\" content=\"Gaceta Oficial aqui\" \/>\n<meta property=\"og:url\" content=\"https:\/\/www.camado.org.co\/web2\/normatividad\/\" \/>\n<meta property=\"og:site_name\" content=\"C\u00e1mara de Comercio de Dosquebradas\" \/>\n<meta property=\"article:modified_time\" content=\"2022-09-27T14:33:39+00:00\" \/>\n<meta name=\"twitter:card\" content=\"summary_large_image\" \/>\n<meta name=\"twitter:label1\" content=\"Tiempo de lectura\" \/>\n\t<meta name=\"twitter:data1\" content=\"3 minutos\" \/>\n<script type=\"application\/ld+json\" class=\"yoast-schema-graph\">{\"@context\":\"https:\\\/\\\/schema.org\",\"@graph\":[{\"@type\":\"WebPage\",\"@id\":\"https:\\\/\\\/www.camado.org.co\\\/web2\\\/normatividad\\\/\",\"url\":\"https:\\\/\\\/www.camado.org.co\\\/web2\\\/normatividad\\\/\",\"name\":\"Normatividad - C\u00e1mara de Comercio de Dosquebradas\",\"isPartOf\":{\"@id\":\"https:\\\/\\\/www.camado.org.co\\\/web2\\\/#website\"},\"datePublished\":\"2020-01-15T21:59:08+00:00\",\"dateModified\":\"2022-09-27T14:33:39+00:00\",\"breadcrumb\":{\"@id\":\"https:\\\/\\\/www.camado.org.co\\\/web2\\\/normatividad\\\/#breadcrumb\"},\"inLanguage\":\"es\",\"potentialAction\":[{\"@type\":\"ReadAction\",\"target\":[\"https:\\\/\\\/www.camado.org.co\\\/web2\\\/normatividad\\\/\"]}]},{\"@type\":\"BreadcrumbList\",\"@id\":\"https:\\\/\\\/www.camado.org.co\\\/web2\\\/normatividad\\\/#breadcrumb\",\"itemListElement\":[{\"@type\":\"ListItem\",\"position\":1,\"name\":\"Portada\",\"item\":\"https:\\\/\\\/www.camado.org.co\\\/web2\\\/\"},{\"@type\":\"ListItem\",\"position\":2,\"name\":\"Normatividad\"}]},{\"@type\":\"WebSite\",\"@id\":\"https:\\\/\\\/www.camado.org.co\\\/web2\\\/#website\",\"url\":\"https:\\\/\\\/www.camado.org.co\\\/web2\\\/\",\"name\":\"C\u00e1mara de Comercio de Dosquebradas\",\"description\":\"Camado\",\"potentialAction\":[{\"@type\":\"SearchAction\",\"target\":{\"@type\":\"EntryPoint\",\"urlTemplate\":\"https:\\\/\\\/www.camado.org.co\\\/web2\\\/?s={search_term_string}\"},\"query-input\":{\"@type\":\"PropertyValueSpecification\",\"valueRequired\":true,\"valueName\":\"search_term_string\"}}],\"inLanguage\":\"es\"}]}<\/script>\n<!-- \/ Yoast SEO plugin. -->","yoast_head_json":{"title":"Normatividad - C\u00e1mara de Comercio de Dosquebradas","robots":{"index":"index","follow":"follow","max-snippet":"max-snippet:-1","max-image-preview":"max-image-preview:large","max-video-preview":"max-video-preview:-1"},"canonical":"https:\/\/www.camado.org.co\/web2\/normatividad\/","og_locale":"es_ES","og_type":"article","og_title":"Normatividad - C\u00e1mara de Comercio de Dosquebradas","og_description":"Gaceta Oficial aqui","og_url":"https:\/\/www.camado.org.co\/web2\/normatividad\/","og_site_name":"C\u00e1mara de Comercio de Dosquebradas","article_modified_time":"2022-09-27T14:33:39+00:00","twitter_card":"summary_large_image","twitter_misc":{"Tiempo de lectura":"3 minutos"},"schema":{"@context":"https:\/\/schema.org","@graph":[{"@type":"WebPage","@id":"https:\/\/www.camado.org.co\/web2\/normatividad\/","url":"https:\/\/www.camado.org.co\/web2\/normatividad\/","name":"Normatividad - C\u00e1mara de Comercio de Dosquebradas","isPartOf":{"@id":"https:\/\/www.camado.org.co\/web2\/#website"},"datePublished":"2020-01-15T21:59:08+00:00","dateModified":"2022-09-27T14:33:39+00:00","breadcrumb":{"@id":"https:\/\/www.camado.org.co\/web2\/normatividad\/#breadcrumb"},"inLanguage":"es","potentialAction":[{"@type":"ReadAction","target":["https:\/\/www.camado.org.co\/web2\/normatividad\/"]}]},{"@type":"BreadcrumbList","@id":"https:\/\/www.camado.org.co\/web2\/normatividad\/#breadcrumb","itemListElement":[{"@type":"ListItem","position":1,"name":"Portada","item":"https:\/\/www.camado.org.co\/web2\/"},{"@type":"ListItem","position":2,"name":"Normatividad"}]},{"@type":"WebSite","@id":"https:\/\/www.camado.org.co\/web2\/#website","url":"https:\/\/www.camado.org.co\/web2\/","name":"C\u00e1mara de Comercio de Dosquebradas","description":"Camado","potentialAction":[{"@type":"SearchAction","target":{"@type":"EntryPoint","urlTemplate":"https:\/\/www.camado.org.co\/web2\/?s={search_term_string}"},"query-input":{"@type":"PropertyValueSpecification","valueRequired":true,"valueName":"search_term_string"}}],"inLanguage":"es"}]}},"_links":{"self":[{"href":"https:\/\/www.camado.org.co\/web2\/wp-json\/wp\/v2\/pages\/1130","targetHints":{"allow":["GET"]}}],"collection":[{"href":"https:\/\/www.camado.org.co\/web2\/wp-json\/wp\/v2\/pages"}],"about":[{"href":"https:\/\/www.camado.org.co\/web2\/wp-json\/wp\/v2\/types\/page"}],"author":[{"embeddable":true,"href":"https:\/\/www.camado.org.co\/web2\/wp-json\/wp\/v2\/users\/1"}],"replies":[{"embeddable":true,"href":"https:\/\/www.camado.org.co\/web2\/wp-json\/wp\/v2\/comments?post=1130"}],"version-history":[{"count":8,"href":"https:\/\/www.camado.org.co\/web2\/wp-json\/wp\/v2\/pages\/1130\/revisions"}],"predecessor-version":[{"id":5247,"href":"https:\/\/www.camado.org.co\/web2\/wp-json\/wp\/v2\/pages\/1130\/revisions\/5247"}],"wp:attachment":[{"href":"https:\/\/www.camado.org.co\/web2\/wp-json\/wp\/v2\/media?parent=1130"}],"curies":[{"name":"wp","href":"https:\/\/api.w.org\/{rel}","templated":true}]}}