{"id":1168,"date":"2020-01-15T23:20:31","date_gmt":"2020-01-15T23:20:31","guid":{"rendered":"http:\/\/www.camado.org.co\/web2\/?page_id=1168"},"modified":"2026-01-06T20:34:26","modified_gmt":"2026-01-06T20:34:26","slug":"costos-de-reproduccion","status":"publish","type":"page","link":"https:\/\/www.camado.org.co\/web2\/costos-de-reproduccion\/","title":{"rendered":"Costos de Reproducci\u00f3n"},"content":{"rendered":"<div id=\"td_uid_1_69f27dfc96c72\" class=\"tdc-zone\"><div class=\"tdc_zone td_uid_1_69f27dfc96c81_rand  wpb_row td-pb-row\"  >\n<style scoped>\n\n\/* custom css *\/\n.td_uid_1_69f27dfc96c81_rand {\r\n                    min-height: 0;\r\n                }\n<\/style><div id=\"td_uid_2_69f27dfc974bd\" class=\"tdc-row\"><div class=\"vc_row td_uid_2_69f27dfc974c4_rand  wpb_row td-pb-row\" >\n<style scoped>\n\n\/* custom css *\/\n.td_uid_2_69f27dfc974c4_rand {\r\n                    min-height: 0;\r\n                }\n<\/style><div class=\"vc_column td_uid_3_69f27dfc9779e_rand  wpb_column vc_column_container tdc-column td-pb-span12\">\n<style scoped>\n\n\/* custom css *\/\n.td_uid_3_69f27dfc9779e_rand {\r\n                    vertical-align: baseline;\r\n                }\n<\/style><div class=\"wpb_wrapper\"><div class=\"tdm_block td_block_wrap tdm_block_button td_uid_4_69f27dfc97ada_rand tdm-block-button-inline tdm-content-horiz-left td-pb-border-top td_block_template_1\"  data-td-block-uid=\"td_uid_4_69f27dfc97ada\"     >\n<style>\n\n\/* inline tdc_css att *\/\n\n.td_uid_4_69f27dfc97ada_rand{\nmargin-bottom:25px !important;\n}\n\n<\/style>\n<style>\n\n<\/style><div class=\"tds-button td-fix-index\"><a \r\n                href=\"http:\/\/www.camado.org.co\/web2\/ley-de-transparencia\/\" \r\n                class=\"tds-button1 tdm-btn tdm-btn-lg td_uid_5_69f27dfc993b9\" ><span class=\"tdm-btn-text\">Volver a men\u00fa principal<\/span><\/a><\/div><\/div><\/div><\/div><\/div><\/div><div id=\"td_uid_4_69f27dfc998f6\" class=\"tdc-row\"><div class=\"vc_row td_uid_6_69f27dfc998fb_rand  wpb_row td-pb-row\" >\n<style scoped>\n\n\/* custom css *\/\n.td_uid_6_69f27dfc998fb_rand {\r\n                    min-height: 0;\r\n                }\n\/* inline tdc_css att *\/\n\n.td_uid_6_69f27dfc998fb_rand{\njustify-content:center !important;\ntext-align:center !important;\n}\n\n.td_uid_6_69f27dfc998fb_rand .td_block_wrap{ text-align:left }\n\n<\/style><div class=\"vc_column td_uid_7_69f27dfc99bb2_rand  wpb_column vc_column_container tdc-column td-pb-span12\">\n<style scoped>\n\n\/* custom css *\/\n.td_uid_7_69f27dfc99bb2_rand {\r\n                    vertical-align: baseline;\r\n                }\n\/* inline tdc_css att *\/\n\n.td_uid_7_69f27dfc99bb2_rand{\njustify-content:center !important;\ntext-align:center !important;\nposition:relative;\n}\n\n<\/style>\n<div class=\"td_uid_5_69f27dfc99bac_rand_style td-element-style\" ><style>\n.td_uid_5_69f27dfc99bac_rand_style{\nbackground-color:#21a036 !important;\n}\n <\/style><\/div><div class=\"wpb_wrapper\"><div class=\"tdm_block td_block_wrap tdm_block_column_title td_uid_8_69f27dfc99e63_rand tdm-content-horiz-left td-pb-border-top td_block_template_1\"  data-td-block-uid=\"td_uid_8_69f27dfc99e63\" >\n<style>\n\n\/* inline tdc_css att *\/\n\n.td_uid_8_69f27dfc99e63_rand{\npadding-top:25px !important;\njustify-content:center !important;\ntext-align:center !important;\n}\n\n<\/style><div class=\"td-block-row\"><div class=\"td-block-span12 tdm-col\">\n<style>\nbody .td_uid_9_69f27dfc9a45b .tdm-title {\r\n\t\t\t\t\tcolor: #ffffff;\r\n\t\t\t\t}\r\n\t\t\t\t\r\n\t\t\t\tbody .td_uid_8_69f27dfc99e63_rand:hover .td_uid_9_69f27dfc9a45b .tdm-title {\r\n\t\t\t\t\tcolor: #ffffff;\r\n\t\t\t\t}\r\n\t\t\t\t.td_uid_8_69f27dfc99e63_rand:hover .td_uid_9_69f27dfc9a45b .tdm-title {\r\n\t\t\t\t\tcursor: default;\r\n\t\t\t\t}\r\n\t\t\t\t\r\n\t\t\t\tbody .td_uid_8_69f27dfc99e63_rand:hover .td_uid_9_69f27dfc9a45b .tdm-title {\r\n\t\t\t\t\t-webkit-text-fill-color: unset;\r\n\t\t\t\t\tbackground: transparent;\r\n\t\t\t\t\ttransition: none;\r\n\t\t\t\t}\n<\/style><div class=\"tds-title tds-title1 td-fix-index td_uid_9_69f27dfc9a45b\"><h3 class=\"tdm-title tdm-title-md\">Costos de Reproducci\u00f3n<\/h3><\/div><\/div><\/div><\/div><div class=\"vc_row_inner td_uid_10_69f27dfc9a7b6_rand  vc_row vc_inner wpb_row td-pb-row\" >\n<style scoped>\n\n\/* custom css *\/\n.td_uid_10_69f27dfc9a7b6_rand {\r\n                    position: relative !important;\r\n                    top: 0;\r\n                    transform: none;\r\n                    -webkit-transform: none;\r\n                }\n\/* inline tdc_css att *\/\n\n.td_uid_10_69f27dfc9a7b6_rand{\nposition:relative;\n}\n\n.td_uid_10_69f27dfc9a7b6_rand .td_block_wrap{ text-align:left }\n\n<\/style>\n<div class=\"td_uid_6_69f27dfc9a7b0_rand_style td-element-style\" ><style>\n.td_uid_6_69f27dfc9a7b0_rand_style{\nbackground-color:#ffffff !important;\n}\n <\/style><\/div><div class=\"vc_column_inner td_uid_11_69f27dfc9a9a4_rand  wpb_column vc_column_container tdc-inner-column td-pb-span12\">\n<style scoped>\n\n\/* custom css *\/\n.td_uid_11_69f27dfc9a9a4_rand {\r\n                    vertical-align: baseline;\r\n                }\n<\/style><div class=\"vc_column-inner\"><div class=\"wpb_wrapper\"><div class=\"wpb_wrapper td_block_empty_space td_block_wrap vc_empty_space td_uid_12_69f27dfc9ab15_rand \"  style=\"height: 32px\"><\/div><div class=\"tdm_block td_block_wrap tdm_block_inline_text td_uid_13_69f27dfc9acad_rand tdm-content-horiz-center td-pb-border-top td_block_template_1\"  data-td-block-uid=\"td_uid_13_69f27dfc9acad\" >\n<style>\n\/* custom css *\/\n.td_uid_13_69f27dfc9acad_rand .tdm-descr {\r\n                    color: #000000;\r\n                }\r\n                \r\n\t\t\t\t.td_uid_13_69f27dfc9acad_rand .tdm-descr {\r\n\t\t\t\t\tfont-size:16px !important;\r\n\t\t\t\t}\n<\/style><p class=\"tdm-descr\"><p style=\"text-align: justify;\">\n  La expedici\u00f3n de  copias de los  documentos y de los expedientes  que reposan  en los Registros P\u00fablicos administrados por  la  C\u00e1mara de Comercio de Dosquebradas tienen un valor de ($748) m\u00e1s IVA por hoja, a excepci\u00f3n de la expedici\u00f3n de copias del Registro \u00danico de Proponentes que tienen un costo de  ($4.100) por hoja.\n<br>\n<br>\nEl Servicio de Rotulaci\u00f3n de Libros tiene un valor de ($1.870) m\u00e1s IVA y las Hojas Rotuladas tienen un valor de ($440) m\u00e1s IVA.\n<\/p>\n<\/p><\/div><div class=\"wpb_wrapper td_block_empty_space td_block_wrap vc_empty_space td_uid_14_69f27dfc9b2db_rand \"  style=\"height: 32px\"><\/div><\/div><\/div><\/div><\/div><\/div><\/div><\/div><\/div><\/div><\/div>","protected":false},"excerpt":{"rendered":"","protected":false},"author":1,"featured_media":0,"parent":0,"menu_order":0,"comment_status":"closed","ping_status":"closed","template":"","meta":{"ngg_post_thumbnail":0,"footnotes":""},"class_list":["post-1168","page","type-page","status-publish"],"yoast_head":"<!-- This site is optimized with the Yoast SEO plugin v27.5 - https:\/\/yoast.com\/product\/yoast-seo-wordpress\/ -->\n<title>Costos de Reproducci\u00f3n - C\u00e1mara de Comercio de Dosquebradas<\/title>\n<meta name=\"robots\" content=\"index, follow, max-snippet:-1, max-image-preview:large, max-video-preview:-1\" \/>\n<link rel=\"canonical\" href=\"https:\/\/www.camado.org.co\/web2\/costos-de-reproduccion\/\" \/>\n<meta property=\"og:locale\" content=\"es_ES\" \/>\n<meta property=\"og:type\" content=\"article\" \/>\n<meta property=\"og:title\" content=\"Costos de Reproducci\u00f3n - C\u00e1mara de Comercio de Dosquebradas\" \/>\n<meta property=\"og:url\" content=\"https:\/\/www.camado.org.co\/web2\/costos-de-reproduccion\/\" \/>\n<meta property=\"og:site_name\" content=\"C\u00e1mara de Comercio de Dosquebradas\" \/>\n<meta property=\"article:modified_time\" content=\"2026-01-06T20:34:26+00:00\" \/>\n<meta name=\"twitter:card\" content=\"summary_large_image\" \/>\n<meta name=\"twitter:label1\" content=\"Tiempo de lectura\" \/>\n\t<meta name=\"twitter:data1\" content=\"1 minuto\" \/>\n<script type=\"application\/ld+json\" class=\"yoast-schema-graph\">{\"@context\":\"https:\\\/\\\/schema.org\",\"@graph\":[{\"@type\":\"WebPage\",\"@id\":\"https:\\\/\\\/www.camado.org.co\\\/web2\\\/costos-de-reproduccion\\\/\",\"url\":\"https:\\\/\\\/www.camado.org.co\\\/web2\\\/costos-de-reproduccion\\\/\",\"name\":\"Costos de Reproducci\u00f3n - C\u00e1mara de Comercio de Dosquebradas\",\"isPartOf\":{\"@id\":\"https:\\\/\\\/www.camado.org.co\\\/web2\\\/#website\"},\"datePublished\":\"2020-01-15T23:20:31+00:00\",\"dateModified\":\"2026-01-06T20:34:26+00:00\",\"breadcrumb\":{\"@id\":\"https:\\\/\\\/www.camado.org.co\\\/web2\\\/costos-de-reproduccion\\\/#breadcrumb\"},\"inLanguage\":\"es\",\"potentialAction\":[{\"@type\":\"ReadAction\",\"target\":[\"https:\\\/\\\/www.camado.org.co\\\/web2\\\/costos-de-reproduccion\\\/\"]}]},{\"@type\":\"BreadcrumbList\",\"@id\":\"https:\\\/\\\/www.camado.org.co\\\/web2\\\/costos-de-reproduccion\\\/#breadcrumb\",\"itemListElement\":[{\"@type\":\"ListItem\",\"position\":1,\"name\":\"Portada\",\"item\":\"https:\\\/\\\/www.camado.org.co\\\/web2\\\/\"},{\"@type\":\"ListItem\",\"position\":2,\"name\":\"Costos de Reproducci\u00f3n\"}]},{\"@type\":\"WebSite\",\"@id\":\"https:\\\/\\\/www.camado.org.co\\\/web2\\\/#website\",\"url\":\"https:\\\/\\\/www.camado.org.co\\\/web2\\\/\",\"name\":\"C\u00e1mara de Comercio de Dosquebradas\",\"description\":\"Camado\",\"potentialAction\":[{\"@type\":\"SearchAction\",\"target\":{\"@type\":\"EntryPoint\",\"urlTemplate\":\"https:\\\/\\\/www.camado.org.co\\\/web2\\\/?s={search_term_string}\"},\"query-input\":{\"@type\":\"PropertyValueSpecification\",\"valueRequired\":true,\"valueName\":\"search_term_string\"}}],\"inLanguage\":\"es\"}]}<\/script>\n<!-- \/ Yoast SEO plugin. -->","yoast_head_json":{"title":"Costos de Reproducci\u00f3n - C\u00e1mara de Comercio de Dosquebradas","robots":{"index":"index","follow":"follow","max-snippet":"max-snippet:-1","max-image-preview":"max-image-preview:large","max-video-preview":"max-video-preview:-1"},"canonical":"https:\/\/www.camado.org.co\/web2\/costos-de-reproduccion\/","og_locale":"es_ES","og_type":"article","og_title":"Costos de Reproducci\u00f3n - C\u00e1mara de Comercio de Dosquebradas","og_url":"https:\/\/www.camado.org.co\/web2\/costos-de-reproduccion\/","og_site_name":"C\u00e1mara de Comercio de Dosquebradas","article_modified_time":"2026-01-06T20:34:26+00:00","twitter_card":"summary_large_image","twitter_misc":{"Tiempo de lectura":"1 minuto"},"schema":{"@context":"https:\/\/schema.org","@graph":[{"@type":"WebPage","@id":"https:\/\/www.camado.org.co\/web2\/costos-de-reproduccion\/","url":"https:\/\/www.camado.org.co\/web2\/costos-de-reproduccion\/","name":"Costos de Reproducci\u00f3n - C\u00e1mara de Comercio de Dosquebradas","isPartOf":{"@id":"https:\/\/www.camado.org.co\/web2\/#website"},"datePublished":"2020-01-15T23:20:31+00:00","dateModified":"2026-01-06T20:34:26+00:00","breadcrumb":{"@id":"https:\/\/www.camado.org.co\/web2\/costos-de-reproduccion\/#breadcrumb"},"inLanguage":"es","potentialAction":[{"@type":"ReadAction","target":["https:\/\/www.camado.org.co\/web2\/costos-de-reproduccion\/"]}]},{"@type":"BreadcrumbList","@id":"https:\/\/www.camado.org.co\/web2\/costos-de-reproduccion\/#breadcrumb","itemListElement":[{"@type":"ListItem","position":1,"name":"Portada","item":"https:\/\/www.camado.org.co\/web2\/"},{"@type":"ListItem","position":2,"name":"Costos de Reproducci\u00f3n"}]},{"@type":"WebSite","@id":"https:\/\/www.camado.org.co\/web2\/#website","url":"https:\/\/www.camado.org.co\/web2\/","name":"C\u00e1mara de Comercio de Dosquebradas","description":"Camado","potentialAction":[{"@type":"SearchAction","target":{"@type":"EntryPoint","urlTemplate":"https:\/\/www.camado.org.co\/web2\/?s={search_term_string}"},"query-input":{"@type":"PropertyValueSpecification","valueRequired":true,"valueName":"search_term_string"}}],"inLanguage":"es"}]}},"_links":{"self":[{"href":"https:\/\/www.camado.org.co\/web2\/wp-json\/wp\/v2\/pages\/1168","targetHints":{"allow":["GET"]}}],"collection":[{"href":"https:\/\/www.camado.org.co\/web2\/wp-json\/wp\/v2\/pages"}],"about":[{"href":"https:\/\/www.camado.org.co\/web2\/wp-json\/wp\/v2\/types\/page"}],"author":[{"embeddable":true,"href":"https:\/\/www.camado.org.co\/web2\/wp-json\/wp\/v2\/users\/1"}],"replies":[{"embeddable":true,"href":"https:\/\/www.camado.org.co\/web2\/wp-json\/wp\/v2\/comments?post=1168"}],"version-history":[{"count":12,"href":"https:\/\/www.camado.org.co\/web2\/wp-json\/wp\/v2\/pages\/1168\/revisions"}],"predecessor-version":[{"id":9403,"href":"https:\/\/www.camado.org.co\/web2\/wp-json\/wp\/v2\/pages\/1168\/revisions\/9403"}],"wp:attachment":[{"href":"https:\/\/www.camado.org.co\/web2\/wp-json\/wp\/v2\/media?parent=1168"}],"curies":[{"name":"wp","href":"https:\/\/api.w.org\/{rel}","templated":true}]}}