{"id":1673,"date":"2020-01-23T00:03:18","date_gmt":"2020-01-23T00:03:18","guid":{"rendered":"http:\/\/www.camado.org.co\/web2\/?page_id=1673"},"modified":"2022-05-18T20:21:07","modified_gmt":"2022-05-18T20:21:07","slug":"blog-del-presidente-2","status":"publish","type":"page","link":"https:\/\/www.camado.org.co\/web2\/blog-del-presidente-2\/","title":{"rendered":"Blog del Presidente"},"content":{"rendered":"\n<figure class=\"wp-block-embed-youtube alignleft wp-block-embed is-type-video is-provider-youtube wp-embed-aspect-16-9 wp-has-aspect-ratio wp-embed-aspect-4-3\"><div class=\"wp-block-embed__wrapper\">\n<iframe loading=\"lazy\" title=\"IncluiDos\" width=\"696\" height=\"392\" src=\"https:\/\/www.youtube.com\/embed\/iGzzA_B8GM0?feature=oembed\" frameborder=\"0\" allow=\"accelerometer; autoplay; clipboard-write; encrypted-media; gyroscope; picture-in-picture\" allowfullscreen><\/iframe>\n<\/div><figcaption> <strong>JOHN JAIME JIMENEZ SEPULVEDA<\/strong><br> Presidente Ejecutivo  <\/figcaption><\/figure>\n\n\n\n<p><a href=\"mailto:Presidencia@camado.org.co\">presidencia@camado.org.co<\/a><\/p>\n\n\n\n<p><a href=\"mailto:Contactenos@camado.org.co\">contactenos@camado.org.co<\/a><\/p>\n\n\n\n<p><strong> <\/strong><\/p>\n\n\n\n<p><\/p>\n\n\n\n<p>C\u00e1mara de Comercio de Dosquebradas<br><strong>Horarios de atenci\u00f3n<\/strong>: De Lunes a Viernes desde las 8 Am hasta las 4 Pm jornada <br>continua.  <br><strong>L\u00edneas de atenci\u00f3n<\/strong>: 322 8599 <\/p>\n","protected":false},"excerpt":{"rendered":"<p>presidencia@camado.org.co contactenos@camado.org.co C\u00e1mara de Comercio de DosquebradasHorarios de atenci\u00f3n: De Lunes a Viernes desde las 8 Am hasta las 4 Pm jornada continua. L\u00edneas de atenci\u00f3n: 322 8599<\/p>\n","protected":false},"author":1,"featured_media":0,"parent":0,"menu_order":0,"comment_status":"closed","ping_status":"closed","template":"","meta":{"ngg_post_thumbnail":0,"footnotes":""},"class_list":["post-1673","page","type-page","status-publish"],"yoast_head":"<!-- This site is optimized with the Yoast SEO plugin v27.5 - https:\/\/yoast.com\/product\/yoast-seo-wordpress\/ -->\n<title>Blog del Presidente - C\u00e1mara de Comercio de Dosquebradas<\/title>\n<meta name=\"robots\" content=\"index, follow, max-snippet:-1, max-image-preview:large, max-video-preview:-1\" \/>\n<link rel=\"canonical\" href=\"https:\/\/www.camado.org.co\/web2\/blog-del-presidente-2\/\" \/>\n<meta property=\"og:locale\" content=\"es_ES\" \/>\n<meta property=\"og:type\" content=\"article\" \/>\n<meta property=\"og:title\" content=\"Blog del Presidente - C\u00e1mara de Comercio de Dosquebradas\" \/>\n<meta property=\"og:description\" content=\"presidencia@camado.org.co contactenos@camado.org.co C\u00e1mara de Comercio de DosquebradasHorarios de atenci\u00f3n: De Lunes a Viernes desde las 8 Am hasta las 4 Pm jornada continua. L\u00edneas de atenci\u00f3n: 322 8599\" \/>\n<meta property=\"og:url\" content=\"https:\/\/www.camado.org.co\/web2\/blog-del-presidente-2\/\" \/>\n<meta property=\"og:site_name\" content=\"C\u00e1mara de Comercio de Dosquebradas\" \/>\n<meta property=\"article:modified_time\" content=\"2022-05-18T20:21:07+00:00\" \/>\n<meta name=\"twitter:card\" content=\"summary_large_image\" \/>\n<script type=\"application\/ld+json\" class=\"yoast-schema-graph\">{\"@context\":\"https:\\\/\\\/schema.org\",\"@graph\":[{\"@type\":\"WebPage\",\"@id\":\"https:\\\/\\\/www.camado.org.co\\\/web2\\\/blog-del-presidente-2\\\/\",\"url\":\"https:\\\/\\\/www.camado.org.co\\\/web2\\\/blog-del-presidente-2\\\/\",\"name\":\"Blog del Presidente - C\u00e1mara de Comercio de Dosquebradas\",\"isPartOf\":{\"@id\":\"https:\\\/\\\/www.camado.org.co\\\/web2\\\/#website\"},\"datePublished\":\"2020-01-23T00:03:18+00:00\",\"dateModified\":\"2022-05-18T20:21:07+00:00\",\"breadcrumb\":{\"@id\":\"https:\\\/\\\/www.camado.org.co\\\/web2\\\/blog-del-presidente-2\\\/#breadcrumb\"},\"inLanguage\":\"es\",\"potentialAction\":[{\"@type\":\"ReadAction\",\"target\":[\"https:\\\/\\\/www.camado.org.co\\\/web2\\\/blog-del-presidente-2\\\/\"]}]},{\"@type\":\"BreadcrumbList\",\"@id\":\"https:\\\/\\\/www.camado.org.co\\\/web2\\\/blog-del-presidente-2\\\/#breadcrumb\",\"itemListElement\":[{\"@type\":\"ListItem\",\"position\":1,\"name\":\"Portada\",\"item\":\"https:\\\/\\\/www.camado.org.co\\\/web2\\\/\"},{\"@type\":\"ListItem\",\"position\":2,\"name\":\"Blog del Presidente\"}]},{\"@type\":\"WebSite\",\"@id\":\"https:\\\/\\\/www.camado.org.co\\\/web2\\\/#website\",\"url\":\"https:\\\/\\\/www.camado.org.co\\\/web2\\\/\",\"name\":\"C\u00e1mara de Comercio de Dosquebradas\",\"description\":\"Camado\",\"potentialAction\":[{\"@type\":\"SearchAction\",\"target\":{\"@type\":\"EntryPoint\",\"urlTemplate\":\"https:\\\/\\\/www.camado.org.co\\\/web2\\\/?s={search_term_string}\"},\"query-input\":{\"@type\":\"PropertyValueSpecification\",\"valueRequired\":true,\"valueName\":\"search_term_string\"}}],\"inLanguage\":\"es\"}]}<\/script>\n<!-- \/ Yoast SEO plugin. -->","yoast_head_json":{"title":"Blog del Presidente - C\u00e1mara de Comercio de Dosquebradas","robots":{"index":"index","follow":"follow","max-snippet":"max-snippet:-1","max-image-preview":"max-image-preview:large","max-video-preview":"max-video-preview:-1"},"canonical":"https:\/\/www.camado.org.co\/web2\/blog-del-presidente-2\/","og_locale":"es_ES","og_type":"article","og_title":"Blog del Presidente - C\u00e1mara de Comercio de Dosquebradas","og_description":"presidencia@camado.org.co contactenos@camado.org.co C\u00e1mara de Comercio de DosquebradasHorarios de atenci\u00f3n: De Lunes a Viernes desde las 8 Am hasta las 4 Pm jornada continua. L\u00edneas de atenci\u00f3n: 322 8599","og_url":"https:\/\/www.camado.org.co\/web2\/blog-del-presidente-2\/","og_site_name":"C\u00e1mara de Comercio de Dosquebradas","article_modified_time":"2022-05-18T20:21:07+00:00","twitter_card":"summary_large_image","schema":{"@context":"https:\/\/schema.org","@graph":[{"@type":"WebPage","@id":"https:\/\/www.camado.org.co\/web2\/blog-del-presidente-2\/","url":"https:\/\/www.camado.org.co\/web2\/blog-del-presidente-2\/","name":"Blog del Presidente - C\u00e1mara de Comercio de Dosquebradas","isPartOf":{"@id":"https:\/\/www.camado.org.co\/web2\/#website"},"datePublished":"2020-01-23T00:03:18+00:00","dateModified":"2022-05-18T20:21:07+00:00","breadcrumb":{"@id":"https:\/\/www.camado.org.co\/web2\/blog-del-presidente-2\/#breadcrumb"},"inLanguage":"es","potentialAction":[{"@type":"ReadAction","target":["https:\/\/www.camado.org.co\/web2\/blog-del-presidente-2\/"]}]},{"@type":"BreadcrumbList","@id":"https:\/\/www.camado.org.co\/web2\/blog-del-presidente-2\/#breadcrumb","itemListElement":[{"@type":"ListItem","position":1,"name":"Portada","item":"https:\/\/www.camado.org.co\/web2\/"},{"@type":"ListItem","position":2,"name":"Blog del Presidente"}]},{"@type":"WebSite","@id":"https:\/\/www.camado.org.co\/web2\/#website","url":"https:\/\/www.camado.org.co\/web2\/","name":"C\u00e1mara de Comercio de Dosquebradas","description":"Camado","potentialAction":[{"@type":"SearchAction","target":{"@type":"EntryPoint","urlTemplate":"https:\/\/www.camado.org.co\/web2\/?s={search_term_string}"},"query-input":{"@type":"PropertyValueSpecification","valueRequired":true,"valueName":"search_term_string"}}],"inLanguage":"es"}]}},"_links":{"self":[{"href":"https:\/\/www.camado.org.co\/web2\/wp-json\/wp\/v2\/pages\/1673","targetHints":{"allow":["GET"]}}],"collection":[{"href":"https:\/\/www.camado.org.co\/web2\/wp-json\/wp\/v2\/pages"}],"about":[{"href":"https:\/\/www.camado.org.co\/web2\/wp-json\/wp\/v2\/types\/page"}],"author":[{"embeddable":true,"href":"https:\/\/www.camado.org.co\/web2\/wp-json\/wp\/v2\/users\/1"}],"replies":[{"embeddable":true,"href":"https:\/\/www.camado.org.co\/web2\/wp-json\/wp\/v2\/comments?post=1673"}],"version-history":[{"count":22,"href":"https:\/\/www.camado.org.co\/web2\/wp-json\/wp\/v2\/pages\/1673\/revisions"}],"predecessor-version":[{"id":3989,"href":"https:\/\/www.camado.org.co\/web2\/wp-json\/wp\/v2\/pages\/1673\/revisions\/3989"}],"wp:attachment":[{"href":"https:\/\/www.camado.org.co\/web2\/wp-json\/wp\/v2\/media?parent=1673"}],"curies":[{"name":"wp","href":"https:\/\/api.w.org\/{rel}","templated":true}]}}

<figure class="wp-block-embed-youtube alignleft wp-block-embed is-type-video is-provider-youtube wp-embed-aspect-16-9 wp-has-aspect-ratio wp-embed-aspect-4-3"><div class="wp-block-embed__wrapper">
<iframe loading="lazy" title="IncluiDos" width="696" height="392" src="https://www.youtube.com/embed/iGzzA_B8GM0?feature=oembed" frameborder="0" allow="accelerometer; autoplay; clipboard-write; encrypted-media; gyroscope; picture-in-picture" allowfullscreen></iframe>
</div><figcaption> <strong>JOHN JAIME JIMENEZ SEPULVEDA</strong><br> Presidente Ejecutivo  </figcaption></figure>



<p><a href="mailto:Presidencia@camado.org.co">presidencia@camado.org.co</a></p>



<p><a href="mailto:Contactenos@camado.org.co">contactenos@camado.org.co</a></p>



<p><strong> </strong></p>



<p></p>



<p>Cámara de Comercio de Dosquebradas<br><strong>Horarios de atención</strong>: De Lunes a Viernes desde las 8 Am hasta las 4 Pm jornada <br>continua.  <br><strong>Líneas de atención</strong>: 322 8599 </p>

<p>presidencia@camado.org.co contactenos@camado.org.co Cámara de Comercio de DosquebradasHorarios de atención: De Lunes a Viernes desde las 8 Am hasta las 4 Pm jornada continua. Líneas de atención: 322 8599</p>

<!-- This site is optimized with the Yoast SEO plugin v27.5 - https://yoast.com/product/yoast-seo-wordpress/ -->
<title>Blog del Presidente - Cámara de Comercio de Dosquebradas</title>
<meta name="robots" content="index, follow, max-snippet:-1, max-image-preview:large, max-video-preview:-1" />
<link rel="canonical" href="https://www.camado.org.co/web2/blog-del-presidente-2/" />
<meta property="og:locale" content="es_ES" />
<meta property="og:type" content="article" />
<meta property="og:title" content="Blog del Presidente - Cámara de Comercio de Dosquebradas" />
<meta property="og:description" content="presidencia@camado.org.co contactenos@camado.org.co Cámara de Comercio de DosquebradasHorarios de atención: De Lunes a Viernes desde las 8 Am hasta las 4 Pm jornada continua. Líneas de atención: 322 8599" />
<meta property="og:url" content="https://www.camado.org.co/web2/blog-del-presidente-2/" />
<meta property="og:site_name" content="Cámara de Comercio de Dosquebradas" />
<meta property="article:modified_time" content="2022-05-18T20:21:07+00:00" />
<meta name="twitter:card" content="summary_large_image" />
<script type="application/ld+json" class="yoast-schema-graph">{"@context":"https:\/\/schema.org","@graph":[{"@type":"WebPage","@id":"https:\/\/www.camado.org.co\/web2\/blog-del-presidente-2\/","url":"https:\/\/www.camado.org.co\/web2\/blog-del-presidente-2\/","name":"Blog del Presidente - Cámara de Comercio de Dosquebradas","isPartOf":{"@id":"https:\/\/www.camado.org.co\/web2\/#website"},"datePublished":"2020-01-23T00:03:18+00:00","dateModified":"2022-05-18T20:21:07+00:00","breadcrumb":{"@id":"https:\/\/www.camado.org.co\/web2\/blog-del-presidente-2\/#breadcrumb"},"inLanguage":"es","potentialAction":[{"@type":"ReadAction","target":["https:\/\/www.camado.org.co\/web2\/blog-del-presidente-2\/"]}]},{"@type":"BreadcrumbList","@id":"https:\/\/www.camado.org.co\/web2\/blog-del-presidente-2\/#breadcrumb","itemListElement":[{"@type":"ListItem","position":1,"name":"Portada","item":"https:\/\/www.camado.org.co\/web2\/"},{"@type":"ListItem","position":2,"name":"Blog del Presidente"}]},{"@type":"WebSite","@id":"https:\/\/www.camado.org.co\/web2\/#website","url":"https:\/\/www.camado.org.co\/web2\/","name":"Cámara de Comercio de Dosquebradas","description":"Camado","potentialAction":[{"@type":"SearchAction","target":{"@type":"EntryPoint","urlTemplate":"https:\/\/www.camado.org.co\/web2\/?s={search_term_string}"},"query-input":{"@type":"PropertyValueSpecification","valueRequired":true,"valueName":"search_term_string"}}],"inLanguage":"es"}]}</script>
<!-- / Yoast SEO plugin. -->

Blog del Presidente - Cámara de Comercio de Dosquebradas

presidencia@camado.org.co contactenos@camado.org.co Cámara de Comercio de DosquebradasHorarios de atención: De Lunes a Viernes desde las 8 Am hasta las 4 Pm jornada continua. Líneas de atención: 322 8599

Cámara de Comercio de Dosquebradas
