{"id":6967,"date":"2024-04-29T20:20:36","date_gmt":"2024-04-29T20:20:36","guid":{"rendered":"https:\/\/www.camado.org.co\/web2\/?page_id=6967"},"modified":"2024-04-29T20:44:57","modified_gmt":"2024-04-29T20:44:57","slug":"satelites","status":"publish","type":"page","link":"https:\/\/www.camado.org.co\/web2\/satelites\/","title":{"rendered":"Taller comunicacion con satelites radioaficionados"},"content":{"rendered":"<div id=\"td_uid_1_69f4bcb2708b1\" class=\"tdc-zone\"><div class=\"tdc_zone td_uid_1_69f4bcb2708c0_rand  wpb_row td-pb-row\"  >\n<style scoped>\n\n\/* custom css *\/\n.td_uid_1_69f4bcb2708c0_rand {\r\n                    min-height: 0;\r\n                }\n<\/style><div id=\"td_uid_2_69f4bcb271064\" class=\"tdc-row\"><div class=\"vc_row td_uid_2_69f4bcb27106b_rand  wpb_row td-pb-row\" >\n<style scoped>\n\n\/* custom css *\/\n.td_uid_2_69f4bcb27106b_rand {\r\n                    min-height: 0;\r\n                }\n<\/style><div class=\"vc_column td_uid_3_69f4bcb27131f_rand  wpb_column vc_column_container tdc-column td-pb-span12\">\n<style scoped>\n\n\/* custom css *\/\n.td_uid_3_69f4bcb27131f_rand {\r\n                    vertical-align: baseline;\r\n                }\n<\/style><div class=\"wpb_wrapper\"><div class=\"td_block_wrap td_block_title td_uid_4_69f4bcb271655_rand td-pb-border-top td_block_template_1\"  data-td-block-uid=\"td_uid_4_69f4bcb271655\" ><h4 class=\"block-title td-block-title\"><span class=\"td-pulldown-size\">Realiza comunicaci\u00f3n con sat\u00e9lites<\/span><\/h4><div class=\"td_mod_wrap\"><\/div><\/div><\/div><\/div><\/div><\/div><div id=\"td_uid_4_69f4bcb271d9b\" class=\"tdc-row\"><div class=\"vc_row td_uid_5_69f4bcb271da0_rand  wpb_row td-pb-row\" >\n<style scoped>\n\n\/* custom css *\/\n.td_uid_5_69f4bcb271da0_rand {\r\n                    min-height: 0;\r\n                }\n<\/style><div class=\"vc_column td_uid_6_69f4bcb271fc7_rand  wpb_column vc_column_container tdc-column td-pb-span12\">\n<style scoped>\n\n\/* custom css *\/\n.td_uid_6_69f4bcb271fc7_rand {\r\n                    vertical-align: baseline;\r\n                }\n<\/style><div class=\"wpb_wrapper\"><div class=\"wpb_wrapper td_block_single_image td_block_wrap  td-no-img-custom-url td_block_wrap vc_single_image td_uid_7_69f4bcb272148_rand  td-single-image- td-pb-border-top td_block_template_1\"><a \r\n\t\t\tclass=\"td_single_image_bg\" \r\n\t\t\tstyle=\"background-image: url('https:\/\/www.camado.org.co\/web2\/wp-content\/uploads\/2024\/04\/755e58a7-0ef8-4bc1-9fb9-4aea103e6ad9-e1714417897365.jpg'); background-size: cover; background-repeat: no-repeat; background-position: center center;\" \r\n\t\t\thref=\"#\"  \r\n\t\t\trel=\"bookmark\"><\/a>\n<style>\n\/* custom css *\/\n.td_uid_7_69f4bcb272148_rand .td_single_image_bg {\r\n\t\t\t\t    z-index: 1;\r\n\t\t\t\t}\r\n\t\t\t\t\r\n\t\t\t\t.td_uid_7_69f4bcb272148_rand .td_single_image_bg {\r\n\t\t\t\t\theight: 400px;\r\n\t\t\t\t\tpadding-bottom: 0;\r\n\t\t\t\t}\n<\/style><\/div><\/div><\/div><\/div><\/div><div id=\"td_uid_6_69f4bcb273538\" class=\"tdc-row\"><div class=\"vc_row td_uid_8_69f4bcb27353d_rand  wpb_row td-pb-row\" >\n<style scoped>\n\n\/* custom css *\/\n.td_uid_8_69f4bcb27353d_rand {\r\n                    min-height: 0;\r\n                }\n<\/style><div class=\"vc_column td_uid_9_69f4bcb2737a1_rand  wpb_column vc_column_container tdc-column td-pb-span12\">\n<style scoped>\n\n\/* custom css *\/\n.td_uid_9_69f4bcb2737a1_rand {\r\n                    vertical-align: baseline;\r\n                }\n<\/style><div class=\"wpb_wrapper\"><div class=\"td_block_wrap td_block_text_with_title td_uid_10_69f4bcb273b70_rand tagdiv-type td-pb-border-top td_block_template_1\"  data-td-block-uid=\"td_uid_10_69f4bcb273b70\" ><div class=\"td-block-title-wrap\"><\/div><div class=\"td_mod_wrap td-fix-inde\"><p>En la C\u00e1mara de Comercio de Dosquebradas, nos enorgullece ofrecer una oportunidad \u00fanica para los entusiastas de la radioafici\u00f3n: talleres especializados en comunicaci\u00f3n a trav\u00e9s de sat\u00e9lites. Estos talleres est\u00e1n dise\u00f1ados para brindar conocimientos pr\u00e1cticos y te\u00f3ricos sobre c\u00f3mo establecer comunicaciones efectivas utilizando la tecnolog\u00eda satelital. Nuestros instructores altamente capacitados guiar\u00e1n a los participantes a trav\u00e9s de los fundamentos de la comunicaci\u00f3n por sat\u00e9lite, desde la configuraci\u00f3n del equipo hasta las t\u00e9cnicas de seguimiento y transmisi\u00f3n. Ya sea que seas un principiante curioso o un experto en busca de nuevas habilidades, nuestros talleres est\u00e1n adaptados para satisfacer todas las necesidades y niveles de experiencia. Adem\u00e1s, en nuestra p\u00e1gina web encontrar\u00e1s emocionantes videos que muestran las \u00faltimas comunicaciones realizadas con sat\u00e9lites, incluyendo el IO-86 y la ISS (Estaci\u00f3n Espacial Internacional). Estas grabaciones ofrecen una ventana \u00fanica a las fascinantes posibilidades de la comunicaci\u00f3n por sat\u00e9lite, mostrando en tiempo real las conexiones establecidas por radioaficionados de todo el mundo. \u00a1No te pierdas la oportunidad de explorar el emocionante mundo de la comunicaci\u00f3n por sat\u00e9lite con la C\u00e1mara de Comercio de Dosquebradas! Cont\u00e1ctanos hoy mismo para m\u00e1s informaci\u00f3n sobre nuestros pr\u00f3ximos talleres y eventos.<\/p>\n<p>Mayores informes: jefedesistemas@camado.org.co<\/p>\n<\/div><\/div><div class=\"wpb_wrapper td_block_wrap vc_raw_html td_uid_11_69f4bcb274e2f_rand \"><div class=\"td-fix-index\"><div class=\"container\">\n    <div class=\"row\">\n        <div class=\"col\">\n            <iframe class=\"video\" src=\"https:\/\/www.youtube.com\/embed\/D6HFtyVI-Nc?rel=0\" frameborder=\"0\" allow=\"autoplay; encrypted-media\" allowfullscreen><\/iframe>\n        <\/div>\n        <div class=\"col\">\n            <iframe class=\"video\" src=\"https:\/\/www.youtube.com\/embed\/9Ges3MrrUgc?rel=0\" frameborder=\"0\" allow=\"autoplay; encrypted-media\" allowfullscreen><\/iframe>\n        <\/div>\n    <\/div>\n    <div class=\"row\">\n        <div class=\"col\">\n            <iframe class=\"video\" src=\"https:\/\/www.youtube.com\/embed\/mNHRSN8NpGw?rel=0\" frameborder=\"0\" allow=\"autoplay; encrypted-media\" allowfullscreen><\/iframe>\n        <\/div>\n        <div class=\"col\">\n            <iframe class=\"video\" src=\"https:\/\/www.youtube.com\/embed\/Ym9qr-whPfI?si=VUEMHfC3TZv9YN0j?rel=0\" frameborder=\"0\" allow=\"autoplay; encrypted-media\" allowfullscreen><\/iframe>\n        <\/div>\n    <\/div>\n<\/div>\n<style>\n    .video {\n        width: 100%;\n        height: 100%;\n    }\n\n    .col {\n        padding: 0 10px; \/* Agrega un espacio entre las columnas *\/\n    }\n<\/style>\n<\/div><\/div><\/div><\/div><\/div><\/div><\/div><\/div>","protected":false},"excerpt":{"rendered":"","protected":false},"author":1,"featured_media":0,"parent":0,"menu_order":0,"comment_status":"closed","ping_status":"closed","template":"","meta":{"ngg_post_thumbnail":0,"footnotes":""},"class_list":["post-6967","page","type-page","status-publish"],"yoast_head":"<!-- This site is optimized with the Yoast SEO plugin v27.5 - https:\/\/yoast.com\/product\/yoast-seo-wordpress\/ -->\n<title>Taller comunicacion con satelites radioaficionados - C\u00e1mara de Comercio de Dosquebradas<\/title>\n<meta name=\"robots\" content=\"index, follow, max-snippet:-1, max-image-preview:large, max-video-preview:-1\" \/>\n<link rel=\"canonical\" href=\"https:\/\/www.camado.org.co\/web2\/satelites\/\" \/>\n<meta property=\"og:locale\" content=\"es_ES\" \/>\n<meta property=\"og:type\" content=\"article\" \/>\n<meta property=\"og:title\" content=\"Taller comunicacion con satelites radioaficionados - C\u00e1mara de Comercio de Dosquebradas\" \/>\n<meta property=\"og:url\" content=\"https:\/\/www.camado.org.co\/web2\/satelites\/\" \/>\n<meta property=\"og:site_name\" content=\"C\u00e1mara de Comercio de Dosquebradas\" \/>\n<meta property=\"article:modified_time\" content=\"2024-04-29T20:44:57+00:00\" \/>\n<meta name=\"twitter:card\" content=\"summary_large_image\" \/>\n<meta name=\"twitter:label1\" content=\"Tiempo de lectura\" \/>\n\t<meta name=\"twitter:data1\" content=\"2 minutos\" \/>\n<script type=\"application\/ld+json\" class=\"yoast-schema-graph\">{\"@context\":\"https:\\\/\\\/schema.org\",\"@graph\":[{\"@type\":\"WebPage\",\"@id\":\"https:\\\/\\\/www.camado.org.co\\\/web2\\\/satelites\\\/\",\"url\":\"https:\\\/\\\/www.camado.org.co\\\/web2\\\/satelites\\\/\",\"name\":\"Taller comunicacion con satelites radioaficionados - C\u00e1mara de Comercio de Dosquebradas\",\"isPartOf\":{\"@id\":\"https:\\\/\\\/www.camado.org.co\\\/web2\\\/#website\"},\"datePublished\":\"2024-04-29T20:20:36+00:00\",\"dateModified\":\"2024-04-29T20:44:57+00:00\",\"breadcrumb\":{\"@id\":\"https:\\\/\\\/www.camado.org.co\\\/web2\\\/satelites\\\/#breadcrumb\"},\"inLanguage\":\"es\",\"potentialAction\":[{\"@type\":\"ReadAction\",\"target\":[\"https:\\\/\\\/www.camado.org.co\\\/web2\\\/satelites\\\/\"]}]},{\"@type\":\"BreadcrumbList\",\"@id\":\"https:\\\/\\\/www.camado.org.co\\\/web2\\\/satelites\\\/#breadcrumb\",\"itemListElement\":[{\"@type\":\"ListItem\",\"position\":1,\"name\":\"Portada\",\"item\":\"https:\\\/\\\/www.camado.org.co\\\/web2\\\/\"},{\"@type\":\"ListItem\",\"position\":2,\"name\":\"Taller comunicacion con satelites radioaficionados\"}]},{\"@type\":\"WebSite\",\"@id\":\"https:\\\/\\\/www.camado.org.co\\\/web2\\\/#website\",\"url\":\"https:\\\/\\\/www.camado.org.co\\\/web2\\\/\",\"name\":\"C\u00e1mara de Comercio de Dosquebradas\",\"description\":\"Camado\",\"potentialAction\":[{\"@type\":\"SearchAction\",\"target\":{\"@type\":\"EntryPoint\",\"urlTemplate\":\"https:\\\/\\\/www.camado.org.co\\\/web2\\\/?s={search_term_string}\"},\"query-input\":{\"@type\":\"PropertyValueSpecification\",\"valueRequired\":true,\"valueName\":\"search_term_string\"}}],\"inLanguage\":\"es\"}]}<\/script>\n<!-- \/ Yoast SEO plugin. -->","yoast_head_json":{"title":"Taller comunicacion con satelites radioaficionados - C\u00e1mara de Comercio de Dosquebradas","robots":{"index":"index","follow":"follow","max-snippet":"max-snippet:-1","max-image-preview":"max-image-preview:large","max-video-preview":"max-video-preview:-1"},"canonical":"https:\/\/www.camado.org.co\/web2\/satelites\/","og_locale":"es_ES","og_type":"article","og_title":"Taller comunicacion con satelites radioaficionados - C\u00e1mara de Comercio de Dosquebradas","og_url":"https:\/\/www.camado.org.co\/web2\/satelites\/","og_site_name":"C\u00e1mara de Comercio de Dosquebradas","article_modified_time":"2024-04-29T20:44:57+00:00","twitter_card":"summary_large_image","twitter_misc":{"Tiempo de lectura":"2 minutos"},"schema":{"@context":"https:\/\/schema.org","@graph":[{"@type":"WebPage","@id":"https:\/\/www.camado.org.co\/web2\/satelites\/","url":"https:\/\/www.camado.org.co\/web2\/satelites\/","name":"Taller comunicacion con satelites radioaficionados - C\u00e1mara de Comercio de Dosquebradas","isPartOf":{"@id":"https:\/\/www.camado.org.co\/web2\/#website"},"datePublished":"2024-04-29T20:20:36+00:00","dateModified":"2024-04-29T20:44:57+00:00","breadcrumb":{"@id":"https:\/\/www.camado.org.co\/web2\/satelites\/#breadcrumb"},"inLanguage":"es","potentialAction":[{"@type":"ReadAction","target":["https:\/\/www.camado.org.co\/web2\/satelites\/"]}]},{"@type":"BreadcrumbList","@id":"https:\/\/www.camado.org.co\/web2\/satelites\/#breadcrumb","itemListElement":[{"@type":"ListItem","position":1,"name":"Portada","item":"https:\/\/www.camado.org.co\/web2\/"},{"@type":"ListItem","position":2,"name":"Taller comunicacion con satelites radioaficionados"}]},{"@type":"WebSite","@id":"https:\/\/www.camado.org.co\/web2\/#website","url":"https:\/\/www.camado.org.co\/web2\/","name":"C\u00e1mara de Comercio de Dosquebradas","description":"Camado","potentialAction":[{"@type":"SearchAction","target":{"@type":"EntryPoint","urlTemplate":"https:\/\/www.camado.org.co\/web2\/?s={search_term_string}"},"query-input":{"@type":"PropertyValueSpecification","valueRequired":true,"valueName":"search_term_string"}}],"inLanguage":"es"}]}},"_links":{"self":[{"href":"https:\/\/www.camado.org.co\/web2\/wp-json\/wp\/v2\/pages\/6967","targetHints":{"allow":["GET"]}}],"collection":[{"href":"https:\/\/www.camado.org.co\/web2\/wp-json\/wp\/v2\/pages"}],"about":[{"href":"https:\/\/www.camado.org.co\/web2\/wp-json\/wp\/v2\/types\/page"}],"author":[{"embeddable":true,"href":"https:\/\/www.camado.org.co\/web2\/wp-json\/wp\/v2\/users\/1"}],"replies":[{"embeddable":true,"href":"https:\/\/www.camado.org.co\/web2\/wp-json\/wp\/v2\/comments?post=6967"}],"version-history":[{"count":5,"href":"https:\/\/www.camado.org.co\/web2\/wp-json\/wp\/v2\/pages\/6967\/revisions"}],"predecessor-version":[{"id":6973,"href":"https:\/\/www.camado.org.co\/web2\/wp-json\/wp\/v2\/pages\/6967\/revisions\/6973"}],"wp:attachment":[{"href":"https:\/\/www.camado.org.co\/web2\/wp-json\/wp\/v2\/media?parent=6967"}],"curies":[{"name":"wp","href":"https:\/\/api.w.org\/{rel}","templated":true}]}}