{"id":705,"date":"2019-12-12T14:23:30","date_gmt":"2019-12-12T14:23:30","guid":{"rendered":"http:\/\/www.camado.org.co\/web2\/?page_id=705"},"modified":"2021-11-23T20:41:36","modified_gmt":"2021-11-23T20:41:36","slug":"libros-de-comercio","status":"publish","type":"page","link":"https:\/\/www.camado.org.co\/web2\/libros-de-comercio\/","title":{"rendered":"Libros de Comercio"},"content":{"rendered":"\n<h2 class=\"wp-block-heading\">\u00bfCU\u00c1LES LIBROS SE PUEDEN INSCRIBIR EN C\u00c1MARA DE COMERCIO?<\/h2>\n\n\n\n<h4 class=\"wp-block-heading\"><a href=\"http:\/\/www.camado.org.co\/web\/libros-de-comercio\/#ley\">De acuerdo al art\u00edculo 175 del Decreto 19 de 2012 y la Circular \u00danica de la SIC de la Superintendencia de Industria y Comercio, se pueden inscribir los siguientes libros:<\/a><\/h4>\n\n\n\n<h4 class=\"wp-block-heading\"><strong>EN EL CASO DE LAS SOCIEDADES COMERCIALES:<\/strong><\/h4>\n\n\n\n<h4 class=\"wp-block-heading\">Sociedades por acciones: An\u00f3nimas, Sociedades por Acciones Simplificadas (SAS) y Sociedades en Comandita por Acciones<\/h4>\n\n\n\n<ul class=\"wp-block-list\"><li>Libro electr\u00f3nico registro de accionistas<\/li><li>Libro electr\u00f3nico actas de asamblea de accionistas<\/li><\/ul>\n\n\n\n<h4 class=\"wp-block-heading\"><strong>Sociedades de personas: Limitadas, en Comandita Simple y Colectivas<\/strong><\/h4>\n\n\n\n<ul class=\"wp-block-list\"><li>Libro electr\u00f3nico de registro de socios<\/li><li>Libro electr\u00f3nico de actas de junta de socios<\/li><\/ul>\n\n\n\n<h4 class=\"wp-block-heading\"><strong>EN EL CASO DE LAS SOCIEDADES COMERCIALES:<\/strong><\/h4>\n\n\n\n<h4 class=\"wp-block-heading\">EN EL CASO DE LAS ENTIDADES SIN \u00c1NIMO DE LUCRO<\/h4>\n\n\n\n<ul class=\"wp-block-list\"><li>Libro electr\u00f3nico registro de fundadores<\/li><li>Libro electr\u00f3nico registro de asociados<\/li><li>Libro electr\u00f3nico actas asamblea de fundadores<\/li><li>Libro electr\u00f3nico actas consejo de fundadores<\/li><li>Libro electr\u00f3nico actas asamblea de asociados<\/li><li>Libro electr\u00f3nico registro de cooperados<\/li><li>Libro electr\u00f3nico actas del m\u00e1ximo \u00f3rgano social. (\u00danicamente&nbsp;cuando el libro que allega no se encuentra dentro de los anteriores).<\/li><\/ul>\n\n\n\n<h4 class=\"wp-block-heading\"><strong>Nota:&nbsp;los libros de actas de junta directiva no se registran en la C\u00e1mara de Comercio.<\/strong><\/h4>\n\n\n\n<h2 class=\"wp-block-heading\">\u00bfC\u00d3MO REGISTRAR LOS LIBROS EN C\u00c1MARA DE COMERCIO?<\/h2>\n\n\n\n<h4 class=\"wp-block-heading\"><a href=\"http:\/\/www.camado.org.co\/web\/libros-de-comercio\/#ar173\">ART\u00cdCULO 173. LIBROS DEL COMERCIANTE<\/a><\/h4>\n\n\n\n<h4 class=\"wp-block-heading\"><strong>Reglamentado por el Decreto Nacional 805 de 2013. El art\u00edculo 56 de C\u00f3digo del Comercio quedar\u00e1 as\u00ed:<\/strong><\/h4>\n\n\n\n<h4 class=\"wp-block-heading\">\u201cLos libros podr\u00e1n ser de hojas removibles o formarse por series continuas de tarjetas, siempre que unas y otras est\u00e9n numeradas, puedan conservarse archivadas en orden y aparezcan autenticadas conforme a la reglamentaci\u00f3n del Gobierno.<br>Los libros podr\u00e1n llevarse en archivos electr\u00f3nicos, que garanticen en forma ordenada la inalterabilidad, la integridad y seguridad de la informaci\u00f3n, as\u00ed como su conservaci\u00f3n. El registro de los&nbsp;libros electr\u00f3nicos&nbsp;se adelantar\u00e1 de acuerdo con la reglamentaci\u00f3n que expida el Gobierno Nacional.\u201d<\/h4>\n\n\n\n<p><strong>De acuerdo con lo anterior, los comerciantes pueden llevar sus libros de forma f\u00edsica o electr\u00f3nica:<\/strong><\/p>\n\n\n\n<h4 class=\"wp-block-heading\"><strong>Libros de Comercio en medio f\u00edsico<\/strong><\/h4>\n\n\n\n<h4 class=\"wp-block-heading\">Para efectuar el registro de libros, ac\u00e9rquese a cualquiera de nuestras sedes, realice el pago de los derechos de inscripci\u00f3n correspondientes y presente los libros acompa\u00f1ados de una solicitud que podr\u00e1 diligenciar a trav\u00e9s de un formato&nbsp;(que puede descargar aqu\u00ed o conseguir en nuestras sedes)&nbsp;, el cual debe ir firmado por el comerciante o el Representante Legal (si es persona jur\u00eddica). De lo contrario, tenga en cuenta que la solicitud debe contener<\/h4>\n\n\n\n<ol class=\"wp-block-list\"><li>Nombre del propietario de los libros<\/li><li>Destino de los libros (Ej: Actas de asamblea, etc.)<\/li><li>N\u00famero de hojas \u00fatiles de cada libro y su secuencia (Ej: De la p\u00e1gina 1 a la 50)<\/li><\/ol>\n\n\n\n<h4 class=\"wp-block-heading\">Los libros deber\u00e1n estar completamente en blanco, y deber\u00e1n marcarse con el nombre del propietario y con su destinaci\u00f3n (Ej: el nombre de la sociedad y el libro que se registra: actas, etc..).<\/h4>\n\n\n\n<h4 class=\"wp-block-heading\">Es importante recordar que para registrar un nuevo libro, debe presentarse junto con el libro anterior, o certificar en la petici\u00f3n de registro, que debe ser suscrita por el Contador o Revisor Fiscal, las razones de su reemplazo, esto es, que al libro anterior le falten pocas hojas por utilizar o que el libro deba ser sustituido por causas ajenas a la empresa (Ej: P\u00e9rdida, extrav\u00edo o destrucci\u00f3n, para lo cual debe anexar copia aut\u00e9ntica de la denuncia correspondiente).<\/h4>\n\n\n\n<h4 class=\"wp-block-heading\">La C\u00e1mara de Comercio verificar\u00e1 los requisitos para la inscripci\u00f3n de los libros y en caso de no cumplir con ellos emitir\u00e1 una comunicaci\u00f3n en la cual se explican las razones de su devoluci\u00f3n.<br>Importante: pasados cuatro (4) meses a partir de la fecha de presentaci\u00f3n de un libro, si \u00e9ste no es reclamado por su propietario, la C\u00e1mara de Comercio podr\u00e1 destruirlo.<\/h4>\n\n\n\n<p class=\"has-text-align-center\"><a href=\"https:\/\/www.camado.org.co\/web2\/wp-content\/uploads\/2020\/10\/RC-REJ-03.docx\">Form<\/a><a href=\"https:\/\/www.camado.org.co\/web2\/wp-content\/uploads\/2021\/11\/RC-REJ-03-REGISTRO-DE-LIBROS-PROPIEDAD-DEL-CLIENTE.pdf\">ato de Inscripci\u00f3n de libros<\/a><a href=\"https:\/\/www.camado.org.co\/web2\/wp-content\/uploads\/2020\/10\/RC-REJ-03.docx\"> <\/a><a href=\"https:\/\/www.camado.org.co\/web2\/wp-content\/uploads\/2021\/11\/RC-REJ-03-REGISTRO-DE-LIBROS-PROPIEDAD-DEL-CLIENTE.pdf\">>><\/a><\/p>\n\n\n\n<p><\/p>\n","protected":false},"excerpt":{"rendered":"<p>\u00bfCU\u00c1LES LIBROS SE PUEDEN INSCRIBIR EN C\u00c1MARA DE COMERCIO? De acuerdo al art\u00edculo 175 del Decreto 19 de 2012 y la Circular \u00danica de la SIC de la Superintendencia de Industria y Comercio, se pueden inscribir los siguientes libros: EN EL CASO DE LAS SOCIEDADES COMERCIALES: Sociedades por acciones: An\u00f3nimas, Sociedades por Acciones Simplificadas (SAS) [&hellip;]<\/p>\n","protected":false},"author":1,"featured_media":0,"parent":0,"menu_order":0,"comment_status":"closed","ping_status":"closed","template":"","meta":{"ngg_post_thumbnail":0,"footnotes":""},"class_list":["post-705","page","type-page","status-publish"],"yoast_head":"<!-- This site is optimized with the Yoast SEO plugin v27.6 - https:\/\/yoast.com\/product\/yoast-seo-wordpress\/ -->\n<title>Libros de Comercio - C\u00e1mara de Comercio de Dosquebradas<\/title>\n<meta name=\"robots\" content=\"index, follow, max-snippet:-1, max-image-preview:large, max-video-preview:-1\" \/>\n<link rel=\"canonical\" href=\"https:\/\/www.camado.org.co\/web2\/libros-de-comercio\/\" \/>\n<meta property=\"og:locale\" content=\"es_ES\" \/>\n<meta property=\"og:type\" content=\"article\" \/>\n<meta property=\"og:title\" content=\"Libros de Comercio - C\u00e1mara de Comercio de Dosquebradas\" \/>\n<meta property=\"og:description\" content=\"\u00bfCU\u00c1LES LIBROS SE PUEDEN INSCRIBIR EN C\u00c1MARA DE COMERCIO? De acuerdo al art\u00edculo 175 del Decreto 19 de 2012 y la Circular \u00danica de la SIC de la Superintendencia de Industria y Comercio, se pueden inscribir los siguientes libros: EN EL CASO DE LAS SOCIEDADES COMERCIALES: Sociedades por acciones: An\u00f3nimas, Sociedades por Acciones Simplificadas (SAS) [&hellip;]\" \/>\n<meta property=\"og:url\" content=\"https:\/\/www.camado.org.co\/web2\/libros-de-comercio\/\" \/>\n<meta property=\"og:site_name\" content=\"C\u00e1mara de Comercio de Dosquebradas\" \/>\n<meta property=\"article:modified_time\" content=\"2021-11-23T20:41:36+00:00\" \/>\n<meta name=\"twitter:card\" content=\"summary_large_image\" \/>\n<meta name=\"twitter:label1\" content=\"Tiempo de lectura\" \/>\n\t<meta name=\"twitter:data1\" content=\"3 minutos\" \/>\n<script type=\"application\/ld+json\" class=\"yoast-schema-graph\">{\"@context\":\"https:\\\/\\\/schema.org\",\"@graph\":[{\"@type\":\"WebPage\",\"@id\":\"https:\\\/\\\/www.camado.org.co\\\/web2\\\/libros-de-comercio\\\/\",\"url\":\"https:\\\/\\\/www.camado.org.co\\\/web2\\\/libros-de-comercio\\\/\",\"name\":\"Libros de Comercio - C\u00e1mara de Comercio de Dosquebradas\",\"isPartOf\":{\"@id\":\"https:\\\/\\\/www.camado.org.co\\\/web2\\\/#website\"},\"datePublished\":\"2019-12-12T14:23:30+00:00\",\"dateModified\":\"2021-11-23T20:41:36+00:00\",\"breadcrumb\":{\"@id\":\"https:\\\/\\\/www.camado.org.co\\\/web2\\\/libros-de-comercio\\\/#breadcrumb\"},\"inLanguage\":\"es\",\"potentialAction\":[{\"@type\":\"ReadAction\",\"target\":[\"https:\\\/\\\/www.camado.org.co\\\/web2\\\/libros-de-comercio\\\/\"]}]},{\"@type\":\"BreadcrumbList\",\"@id\":\"https:\\\/\\\/www.camado.org.co\\\/web2\\\/libros-de-comercio\\\/#breadcrumb\",\"itemListElement\":[{\"@type\":\"ListItem\",\"position\":1,\"name\":\"Portada\",\"item\":\"https:\\\/\\\/www.camado.org.co\\\/web2\\\/\"},{\"@type\":\"ListItem\",\"position\":2,\"name\":\"Libros de Comercio\"}]},{\"@type\":\"WebSite\",\"@id\":\"https:\\\/\\\/www.camado.org.co\\\/web2\\\/#website\",\"url\":\"https:\\\/\\\/www.camado.org.co\\\/web2\\\/\",\"name\":\"C\u00e1mara de Comercio de Dosquebradas\",\"description\":\"Camado\",\"potentialAction\":[{\"@type\":\"SearchAction\",\"target\":{\"@type\":\"EntryPoint\",\"urlTemplate\":\"https:\\\/\\\/www.camado.org.co\\\/web2\\\/?s={search_term_string}\"},\"query-input\":{\"@type\":\"PropertyValueSpecification\",\"valueRequired\":true,\"valueName\":\"search_term_string\"}}],\"inLanguage\":\"es\"}]}<\/script>\n<!-- \/ Yoast SEO plugin. -->","yoast_head_json":{"title":"Libros de Comercio - C\u00e1mara de Comercio de Dosquebradas","robots":{"index":"index","follow":"follow","max-snippet":"max-snippet:-1","max-image-preview":"max-image-preview:large","max-video-preview":"max-video-preview:-1"},"canonical":"https:\/\/www.camado.org.co\/web2\/libros-de-comercio\/","og_locale":"es_ES","og_type":"article","og_title":"Libros de Comercio - C\u00e1mara de Comercio de Dosquebradas","og_description":"\u00bfCU\u00c1LES LIBROS SE PUEDEN INSCRIBIR EN C\u00c1MARA DE COMERCIO? De acuerdo al art\u00edculo 175 del Decreto 19 de 2012 y la Circular \u00danica de la SIC de la Superintendencia de Industria y Comercio, se pueden inscribir los siguientes libros: EN EL CASO DE LAS SOCIEDADES COMERCIALES: Sociedades por acciones: An\u00f3nimas, Sociedades por Acciones Simplificadas (SAS) [&hellip;]","og_url":"https:\/\/www.camado.org.co\/web2\/libros-de-comercio\/","og_site_name":"C\u00e1mara de Comercio de Dosquebradas","article_modified_time":"2021-11-23T20:41:36+00:00","twitter_card":"summary_large_image","twitter_misc":{"Tiempo de lectura":"3 minutos"},"schema":{"@context":"https:\/\/schema.org","@graph":[{"@type":"WebPage","@id":"https:\/\/www.camado.org.co\/web2\/libros-de-comercio\/","url":"https:\/\/www.camado.org.co\/web2\/libros-de-comercio\/","name":"Libros de Comercio - C\u00e1mara de Comercio de Dosquebradas","isPartOf":{"@id":"https:\/\/www.camado.org.co\/web2\/#website"},"datePublished":"2019-12-12T14:23:30+00:00","dateModified":"2021-11-23T20:41:36+00:00","breadcrumb":{"@id":"https:\/\/www.camado.org.co\/web2\/libros-de-comercio\/#breadcrumb"},"inLanguage":"es","potentialAction":[{"@type":"ReadAction","target":["https:\/\/www.camado.org.co\/web2\/libros-de-comercio\/"]}]},{"@type":"BreadcrumbList","@id":"https:\/\/www.camado.org.co\/web2\/libros-de-comercio\/#breadcrumb","itemListElement":[{"@type":"ListItem","position":1,"name":"Portada","item":"https:\/\/www.camado.org.co\/web2\/"},{"@type":"ListItem","position":2,"name":"Libros de Comercio"}]},{"@type":"WebSite","@id":"https:\/\/www.camado.org.co\/web2\/#website","url":"https:\/\/www.camado.org.co\/web2\/","name":"C\u00e1mara de Comercio de Dosquebradas","description":"Camado","potentialAction":[{"@type":"SearchAction","target":{"@type":"EntryPoint","urlTemplate":"https:\/\/www.camado.org.co\/web2\/?s={search_term_string}"},"query-input":{"@type":"PropertyValueSpecification","valueRequired":true,"valueName":"search_term_string"}}],"inLanguage":"es"}]}},"_links":{"self":[{"href":"https:\/\/www.camado.org.co\/web2\/wp-json\/wp\/v2\/pages\/705","targetHints":{"allow":["GET"]}}],"collection":[{"href":"https:\/\/www.camado.org.co\/web2\/wp-json\/wp\/v2\/pages"}],"about":[{"href":"https:\/\/www.camado.org.co\/web2\/wp-json\/wp\/v2\/types\/page"}],"author":[{"embeddable":true,"href":"https:\/\/www.camado.org.co\/web2\/wp-json\/wp\/v2\/users\/1"}],"replies":[{"embeddable":true,"href":"https:\/\/www.camado.org.co\/web2\/wp-json\/wp\/v2\/comments?post=705"}],"version-history":[{"count":4,"href":"https:\/\/www.camado.org.co\/web2\/wp-json\/wp\/v2\/pages\/705\/revisions"}],"predecessor-version":[{"id":4257,"href":"https:\/\/www.camado.org.co\/web2\/wp-json\/wp\/v2\/pages\/705\/revisions\/4257"}],"wp:attachment":[{"href":"https:\/\/www.camado.org.co\/web2\/wp-json\/wp\/v2\/media?parent=705"}],"curies":[{"name":"wp","href":"https:\/\/api.w.org\/{rel}","templated":true}]}}